{"id":240,"date":"2023-11-06T09:39:57","date_gmt":"2023-11-06T08:39:57","guid":{"rendered":"https:\/\/konferencje.umw.edu.pl\/farmed10\/?page_id=240"},"modified":"2025-01-02T18:08:49","modified_gmt":"2025-01-02T17:08:49","slug":"poprzednie-edycje","status":"publish","type":"page","link":"https:\/\/konferencje.umw.edu.pl\/farmed10\/poprzednie-edycje\/","title":{"rendered":"Poprzednie edycje"},"content":{"rendered":"<h4 class=\"node-title\">IX Og\u00f3lnopolska Konferencja Naukowa \u201eWsp\u00f3\u0142czesne zastosowanie metod analitycznych w farmacji i medycynie\u201d<\/h4>\n<h4><strong><a href=\"https:\/\/konferencje.umw.edu.pl\/farmed10\/wp-content\/uploads\/sites\/39\/2025\/01\/Ksiazka-abstraktow-2024.pdf\">Ksi\u0105\u017cka abstrakt\u00f3w 2024<\/a><\/strong><\/h4>\n<h4 class=\"node-title\"><a href=\"https:\/\/konferencje.umw.edu.pl\/farmed10\/wp-content\/uploads\/sites\/39\/2025\/01\/Ksiazka-abstraktow-2024.pdf\"><img loading=\"lazy\" decoding=\"async\" class=\"size-medium wp-image-335 alignleft\" src=\"https:\/\/konferencje.umw.edu.pl\/farmed10\/wp-content\/uploads\/sites\/39\/2024\/10\/Grafika-A4_logo-z-nazwa-1-212x300.png\" alt=\"\" width=\"212\" height=\"300\" srcset=\"https:\/\/konferencje.umw.edu.pl\/farmed10\/wp-content\/uploads\/sites\/39\/2024\/10\/Grafika-A4_logo-z-nazwa-1-212x300.png 212w, https:\/\/konferencje.umw.edu.pl\/farmed10\/wp-content\/uploads\/sites\/39\/2024\/10\/Grafika-A4_logo-z-nazwa-1-724x1024.png 724w, https:\/\/konferencje.umw.edu.pl\/farmed10\/wp-content\/uploads\/sites\/39\/2024\/10\/Grafika-A4_logo-z-nazwa-1-768x1086.png 768w, https:\/\/konferencje.umw.edu.pl\/farmed10\/wp-content\/uploads\/sites\/39\/2024\/10\/Grafika-A4_logo-z-nazwa-1-1086x1536.png 1086w, https:\/\/konferencje.umw.edu.pl\/farmed10\/wp-content\/uploads\/sites\/39\/2024\/10\/Grafika-A4_logo-z-nazwa-1-82x116.png 82w, https:\/\/konferencje.umw.edu.pl\/farmed10\/wp-content\/uploads\/sites\/39\/2024\/10\/Grafika-A4_logo-z-nazwa-1.png 1414w\" sizes=\"auto, (max-width: 212px) 100vw, 212px\" \/><\/a><\/h4>\n<h4>\u00a0<\/h4>\n<h4>\u00a0<\/h4>\n<h4>\u00a0<\/h4>\n<h4>\u00a0<\/h4>\n<h4>\u00a0<\/h4>\n<h4>\u00a0<\/h4>\n<h4>\u00a0<\/h4>\n<h4>\u00a0<\/h4>\n<h4 class=\"node-title\">VIII Og\u00f3lnopolska Konferencja Naukowa \u201eWsp\u00f3\u0142czesne zastosowanie metod analitycznych w farmacji i medycynie\u201d<\/h4>\n<p><a href=\"https:\/\/konferencje.umw.edu.pl\/farmed10\/wp-content\/uploads\/sites\/39\/2024\/06\/ksiazka_abstraktow_23.pdf\">ksi\u0105\u017cka_abstrakt\u00f3w_2023<\/a><\/p>\n<h4><img loading=\"lazy\" decoding=\"async\" class=\"alignnone size-medium wp-image-323\" src=\"https:\/\/konferencje.umw.edu.pl\/farmed10\/wp-content\/uploads\/sites\/39\/2024\/10\/plakat-19.16.46-212x300.png\" alt=\"\" width=\"212\" height=\"300\" srcset=\"https:\/\/konferencje.umw.edu.pl\/farmed10\/wp-content\/uploads\/sites\/39\/2024\/10\/plakat-19.16.46-212x300.png 212w, https:\/\/konferencje.umw.edu.pl\/farmed10\/wp-content\/uploads\/sites\/39\/2024\/10\/plakat-19.16.46-724x1024.png 724w, https:\/\/konferencje.umw.edu.pl\/farmed10\/wp-content\/uploads\/sites\/39\/2024\/10\/plakat-19.16.46-768x1086.png 768w, https:\/\/konferencje.umw.edu.pl\/farmed10\/wp-content\/uploads\/sites\/39\/2024\/10\/plakat-19.16.46-1086x1536.png 1086w, https:\/\/konferencje.umw.edu.pl\/farmed10\/wp-content\/uploads\/sites\/39\/2024\/10\/plakat-19.16.46-1448x2048.png 1448w, https:\/\/konferencje.umw.edu.pl\/farmed10\/wp-content\/uploads\/sites\/39\/2024\/10\/plakat-19.16.46-82x116.png 82w, https:\/\/konferencje.umw.edu.pl\/farmed10\/wp-content\/uploads\/sites\/39\/2024\/10\/plakat-19.16.46.png 1587w\" sizes=\"auto, (max-width: 212px) 100vw, 212px\" \/><\/h4>\n<h4 class=\"node-title\">VII Og\u00f3lnopolska Konferencja Naukowa \u201eWsp\u00f3\u0142czesne zastosowanie metod analitycznych w farmacji i medycynie\u201d<\/h4>\n<p><a href=\"https:\/\/konferencje.umw.edu.pl\/farmed10\/wp-content\/uploads\/sites\/39\/2023\/11\/Ksiazka-abstraktow.2022.pdf\">Ksi\u0105\u017cka-abstrakt\u00f3w.2022<\/a><\/p>\n<p><img loading=\"lazy\" decoding=\"async\" class=\"alignnone size-medium wp-image-258\" src=\"https:\/\/konferencje.umw.edu.pl\/farmed10\/wp-content\/uploads\/sites\/39\/2023\/11\/Zrzut-ekranu-2023-11-6-o-09.32.35-243x300.png\" alt=\"\" width=\"243\" height=\"300\" srcset=\"https:\/\/konferencje.umw.edu.pl\/farmed10\/wp-content\/uploads\/sites\/39\/2023\/11\/Zrzut-ekranu-2023-11-6-o-09.32.35-243x300.png 243w, https:\/\/konferencje.umw.edu.pl\/farmed10\/wp-content\/uploads\/sites\/39\/2023\/11\/Zrzut-ekranu-2023-11-6-o-09.32.35-94x116.png 94w, https:\/\/konferencje.umw.edu.pl\/farmed10\/wp-content\/uploads\/sites\/39\/2023\/11\/Zrzut-ekranu-2023-11-6-o-09.32.35.png 558w\" sizes=\"auto, (max-width: 243px) 100vw, 243px\" \/><\/p>\n<p>&nbsp;<\/p>\n\n\n<p><\/p>\n\n\n\n<p><\/p>\n","protected":false},"excerpt":{"rendered":"<p>IX Og\u00f3lnopolska Konferencja Naukowa \u201eWsp\u00f3\u0142czesne zastosowanie metod analitycznych w farmacji i medycynie\u201d Ksi\u0105\u017cka abstrakt\u00f3w 2024 \u00a0 \u00a0 \u00a0 \u00a0 \u00a0 \u00a0 \u00a0 \u00a0 VIII Og\u00f3lnopolska Konferencja Naukowa \u201eWsp\u00f3\u0142czesne zastosowanie metod analitycznych w farmacji i medycynie\u201d ksi\u0105\u017cka_abstrakt\u00f3w_2023 VII Og\u00f3lnopolska Konferencja Naukowa \u201eWsp\u00f3\u0142czesne zastosowanie metod analitycznych w farmacji i medycynie\u201d Ksi\u0105\u017cka-abstrakt\u00f3w.2022 &nbsp;<\/p>\n","protected":false},"author":22,"featured_media":0,"parent":0,"menu_order":0,"comment_status":"closed","ping_status":"closed","template":"","meta":{"footnotes":""},"class_list":["post-240","page","type-page","status-publish","hentry"],"_links":{"self":[{"href":"https:\/\/konferencje.umw.edu.pl\/farmed10\/wp-json\/wp\/v2\/pages\/240","targetHints":{"allow":["GET"]}}],"collection":[{"href":"https:\/\/konferencje.umw.edu.pl\/farmed10\/wp-json\/wp\/v2\/pages"}],"about":[{"href":"https:\/\/konferencje.umw.edu.pl\/farmed10\/wp-json\/wp\/v2\/types\/page"}],"author":[{"embeddable":true,"href":"https:\/\/konferencje.umw.edu.pl\/farmed10\/wp-json\/wp\/v2\/users\/22"}],"replies":[{"embeddable":true,"href":"https:\/\/konferencje.umw.edu.pl\/farmed10\/wp-json\/wp\/v2\/comments?post=240"}],"version-history":[{"count":9,"href":"https:\/\/konferencje.umw.edu.pl\/farmed10\/wp-json\/wp\/v2\/pages\/240\/revisions"}],"predecessor-version":[{"id":359,"href":"https:\/\/konferencje.umw.edu.pl\/farmed10\/wp-json\/wp\/v2\/pages\/240\/revisions\/359"}],"wp:attachment":[{"href":"https:\/\/konferencje.umw.edu.pl\/farmed10\/wp-json\/wp\/v2\/media?parent=240"}],"curies":[{"name":"wp","href":"https:\/\/api.w.org\/{rel}","templated":true}]}}