{"id":31,"date":"2018-10-13T13:05:13","date_gmt":"2018-10-13T11:05:13","guid":{"rendered":"https:\/\/www.konferencje.umed.wroc.pl\/mentoring\/?page_id=31"},"modified":"2024-10-29T21:19:55","modified_gmt":"2024-10-29T20:19:55","slug":"kontakt","status":"publish","type":"page","link":"https:\/\/konferencje.umw.edu.pl\/farmed10\/kontakt\/","title":{"rendered":"Kontakt"},"content":{"rendered":"<p><img loading=\"lazy\" decoding=\"async\" class=\"alignnone size-medium wp-image-247\" src=\"https:\/\/konferencje.umw.edu.pl\/farmed10\/wp-content\/uploads\/sites\/39\/2023\/11\/Wydzial-farmacji-1-2-300x146.jpg\" alt=\"\" width=\"300\" height=\"146\" srcset=\"https:\/\/konferencje.umw.edu.pl\/farmed10\/wp-content\/uploads\/sites\/39\/2023\/11\/Wydzial-farmacji-1-2-300x146.jpg 300w, https:\/\/konferencje.umw.edu.pl\/farmed10\/wp-content\/uploads\/sites\/39\/2023\/11\/Wydzial-farmacji-1-2-768x375.jpg 768w, https:\/\/konferencje.umw.edu.pl\/farmed10\/wp-content\/uploads\/sites\/39\/2023\/11\/Wydzial-farmacji-1-2-228x111.jpg 228w, https:\/\/konferencje.umw.edu.pl\/farmed10\/wp-content\/uploads\/sites\/39\/2023\/11\/Wydzial-farmacji-1-2.jpg 1022w\" sizes=\"auto, (max-width: 300px) 100vw, 300px\" \/><img loading=\"lazy\" decoding=\"async\" class=\"alignnone size-medium wp-image-114\" src=\"https:\/\/konferencje.umw.edu.pl\/farmed10\/wp-content\/uploads\/sites\/39\/2018\/11\/logo_UMW_uklad_asymetryczny_wersja_POL_dwuwierszowa_wersja_CMYK-300x81.jpg\" alt=\"\" width=\"300\" height=\"81\" srcset=\"https:\/\/konferencje.umw.edu.pl\/farmed10\/wp-content\/uploads\/sites\/39\/2018\/11\/logo_UMW_uklad_asymetryczny_wersja_POL_dwuwierszowa_wersja_CMYK-300x81.jpg 300w, https:\/\/konferencje.umw.edu.pl\/farmed10\/wp-content\/uploads\/sites\/39\/2018\/11\/logo_UMW_uklad_asymetryczny_wersja_POL_dwuwierszowa_wersja_CMYK-768x209.jpg 768w, https:\/\/konferencje.umw.edu.pl\/farmed10\/wp-content\/uploads\/sites\/39\/2018\/11\/logo_UMW_uklad_asymetryczny_wersja_POL_dwuwierszowa_wersja_CMYK-1024x278.jpg 1024w, https:\/\/konferencje.umw.edu.pl\/farmed10\/wp-content\/uploads\/sites\/39\/2018\/11\/logo_UMW_uklad_asymetryczny_wersja_POL_dwuwierszowa_wersja_CMYK.jpg 1955w\" sizes=\"auto, (max-width: 300px) 100vw, 300px\" \/><img loading=\"lazy\" decoding=\"async\" class=\"alignnone size-medium wp-image-249\" src=\"https:\/\/konferencje.umw.edu.pl\/farmed10\/wp-content\/uploads\/sites\/39\/2023\/11\/Zrzut-ekranu-2023-11-6-o-09.20.15-300x295.png\" alt=\"\" width=\"300\" height=\"295\" srcset=\"https:\/\/konferencje.umw.edu.pl\/farmed10\/wp-content\/uploads\/sites\/39\/2023\/11\/Zrzut-ekranu-2023-11-6-o-09.20.15-300x295.png 300w, https:\/\/konferencje.umw.edu.pl\/farmed10\/wp-content\/uploads\/sites\/39\/2023\/11\/Zrzut-ekranu-2023-11-6-o-09.20.15-118x116.png 118w, https:\/\/konferencje.umw.edu.pl\/farmed10\/wp-content\/uploads\/sites\/39\/2023\/11\/Zrzut-ekranu-2023-11-6-o-09.20.15.png 460w\" sizes=\"auto, (max-width: 300px) 100vw, 300px\" \/><\/p>\n<p style=\"text-align: left\"><strong>SKN przy Zak\u0142adzie Farmacji Przemys\u0142owej<\/strong><br \/>\nOpiekun ko\u0142a naukowego: mgr Katarzyna Kar\u0142owicz-Bodalska<br \/>\nPrzewodnicza\u0328ca Studenckiego Komitetu Organizacyjnego: Julia Dera<\/p>\n<p style=\"text-align: left\">Siedziba: przy Zak\u0142adzie Farmacji Przemys\u0142owej, ul. Borowska 211 A, 50-556 Wroc\u0142aw<br \/>\n<strong>e-mail: sknfarmacjiprzemyslowej@gmail.com<\/strong><\/p>\n","protected":false},"excerpt":{"rendered":"<p>SKN przy Zak\u0142adzie Farmacji Przemys\u0142owej Opiekun ko\u0142a naukowego: mgr Katarzyna Kar\u0142owicz-Bodalska Przewodnicza\u0328ca Studenckiego Komitetu Organizacyjnego: Julia Dera Siedziba: przy Zak\u0142adzie Farmacji Przemys\u0142owej, ul. Borowska 211 A, 50-556 Wroc\u0142aw e-mail: sknfarmacjiprzemyslowej@gmail.com<\/p>\n","protected":false},"author":1,"featured_media":0,"parent":0,"menu_order":0,"comment_status":"closed","ping_status":"closed","template":"","meta":{"footnotes":""},"class_list":["post-31","page","type-page","status-publish","hentry"],"_links":{"self":[{"href":"https:\/\/konferencje.umw.edu.pl\/farmed10\/wp-json\/wp\/v2\/pages\/31","targetHints":{"allow":["GET"]}}],"collection":[{"href":"https:\/\/konferencje.umw.edu.pl\/farmed10\/wp-json\/wp\/v2\/pages"}],"about":[{"href":"https:\/\/konferencje.umw.edu.pl\/farmed10\/wp-json\/wp\/v2\/types\/page"}],"author":[{"embeddable":true,"href":"https:\/\/konferencje.umw.edu.pl\/farmed10\/wp-json\/wp\/v2\/users\/1"}],"replies":[{"embeddable":true,"href":"https:\/\/konferencje.umw.edu.pl\/farmed10\/wp-json\/wp\/v2\/comments?post=31"}],"version-history":[{"count":18,"href":"https:\/\/konferencje.umw.edu.pl\/farmed10\/wp-json\/wp\/v2\/pages\/31\/revisions"}],"predecessor-version":[{"id":348,"href":"https:\/\/konferencje.umw.edu.pl\/farmed10\/wp-json\/wp\/v2\/pages\/31\/revisions\/348"}],"wp:attachment":[{"href":"https:\/\/konferencje.umw.edu.pl\/farmed10\/wp-json\/wp\/v2\/media?parent=31"}],"curies":[{"name":"wp","href":"https:\/\/api.w.org\/{rel}","templated":true}]}}