{"id":300,"date":"2023-01-13T08:45:34","date_gmt":"2023-01-13T07:45:34","guid":{"rendered":"https:\/\/konferencje.umw.edu.pl\/ikskn\/?page_id=300"},"modified":"2026-04-21T19:47:13","modified_gmt":"2026-04-21T17:47:13","slug":"o-konferencji","status":"publish","type":"page","link":"https:\/\/konferencje.umw.edu.pl\/ikskn\/o-konferencji\/","title":{"rendered":"O konferencji"},"content":{"rendered":"<p>Serdecznie zapraszamy na Interdyscyplinarn\u0105 Konferencj\u0119 Studenckich K\u00f3\u0142 Naukowych (IKSKN)<br \/><strong>\u201eDrobnoustroje w medycynie, farmacji i kosmetologii \u2013 korzy\u015bci i zagro\u017cenia\u201d.<\/strong><\/p>\n<p>To wyj\u0105tkowe wydarzenie odb\u0119dzie si\u0119 <strong>12 czerwca 2026 roku<\/strong> we Wroc\u0142awiu, na Wydziale Farmaceutycznym Uniwersytetu Medycznego.<\/p>\n<p>Tematyka konferencji obejmuje \u015bwiat drobnoustroj\u00f3w z r\u00f3\u017cnych perspektyw. Poruszone zostan\u0105 zar\u00f3wno zagadnienia historyczne, zwi\u0105zane z walk\u0105 z mikroorganizmami na przestrzeni lat, jak i wyzwania wsp\u00f3\u0142czesnej farmakoterapii, w tym problem antybiotykooporno\u015bci. Prelegenci spr\u00f3buj\u0105 odpowiedzie\u0107 na pytanie, czy drobnoustroje s\u0105 naszymi sprzymierze\u0144cami, czy wrogami \u2014 a mo\u017ce ich rola zale\u017cy od kontekstu. Om\u00f3wione zostan\u0105 r\u00f3wnie\u017c kwestie bezpiecze\u0144stwa mikrobiologicznego w medycynie, farmacji i kosmetologii.<\/p>\n<p>Konferencja stanowi doskona\u0142\u0105 okazj\u0119 do pog\u0142\u0119bionej dyskusji oraz wymiany do\u015bwiadcze\u0144, a tak\u017ce spotkania z ekspertami i pasjonatami z zakresu chemii kosmetycznej, biologii, biotechnologii, mikrobiologii i toksykologii.<\/p>\n<p><strong>Udzia\u0142 w wydarzeniu jest bezp\u0142atny.<\/strong><\/p>\n<p>Studenci maj\u0105 mo\u017cliwo\u015b\u0107 zaprezentowania wynik\u00f3w swoich bada\u0144 w formie prezentacji ustnych lub poster\u00f3w. Dla autor\u00f3w najlepszych prac przewidziane s\u0105 atrakcyjne nagrody.<\/p>\n<p>Konferencja odb\u0119dzie si\u0119 w sali W3 Wydzia\u0142u Farmaceutycznego przy ul. Borowskiej 211.<\/p>\n<p>Zapraszamy pracownik\u00f3w naukowych, student\u00f3w oraz wszystkich zainteresowanych do udzia\u0142u w tym inspiruj\u0105cym i edukacyjnym wydarzeniu.<\/p>\n<p><strong>Do\u0142\u0105cz do nas i podziel si\u0119 swoj\u0105 pasj\u0105 do nauki!<\/strong><\/p>\n<p>Komitet Naukowy i Organizacyjny<\/p>\n\n\n<figure class=\"wp-block-gallery has-nested-images columns-default is-cropped wp-block-gallery-1 is-layout-flex wp-block-gallery-is-layout-flex\">\n<figure class=\"wp-block-image size-large\"><img loading=\"lazy\" decoding=\"async\" width=\"725\" height=\"1024\" data-id=\"970\" src=\"https:\/\/konferencje.umw.edu.pl\/ikskn\/wp-content\/uploads\/sites\/27\/2026\/04\/Drobnoustroje-w-medycynie-farmacji-i-kosmetologii-korzysci-i-zagrozenia-4-725x1024.png\" alt=\"\" class=\"wp-image-970\" srcset=\"https:\/\/konferencje.umw.edu.pl\/ikskn\/wp-content\/uploads\/sites\/27\/2026\/04\/Drobnoustroje-w-medycynie-farmacji-i-kosmetologii-korzysci-i-zagrozenia-4-725x1024.png 725w, https:\/\/konferencje.umw.edu.pl\/ikskn\/wp-content\/uploads\/sites\/27\/2026\/04\/Drobnoustroje-w-medycynie-farmacji-i-kosmetologii-korzysci-i-zagrozenia-4-213x300.png 213w, https:\/\/konferencje.umw.edu.pl\/ikskn\/wp-content\/uploads\/sites\/27\/2026\/04\/Drobnoustroje-w-medycynie-farmacji-i-kosmetologii-korzysci-i-zagrozenia-4-768x1084.png 768w, https:\/\/konferencje.umw.edu.pl\/ikskn\/wp-content\/uploads\/sites\/27\/2026\/04\/Drobnoustroje-w-medycynie-farmacji-i-kosmetologii-korzysci-i-zagrozenia-4-1088x1536.png 1088w, https:\/\/konferencje.umw.edu.pl\/ikskn\/wp-content\/uploads\/sites\/27\/2026\/04\/Drobnoustroje-w-medycynie-farmacji-i-kosmetologii-korzysci-i-zagrozenia-4-1451x2048.png 1451w, https:\/\/konferencje.umw.edu.pl\/ikskn\/wp-content\/uploads\/sites\/27\/2026\/04\/Drobnoustroje-w-medycynie-farmacji-i-kosmetologii-korzysci-i-zagrozenia-4-82x116.png 82w, https:\/\/konferencje.umw.edu.pl\/ikskn\/wp-content\/uploads\/sites\/27\/2026\/04\/Drobnoustroje-w-medycynie-farmacji-i-kosmetologii-korzysci-i-zagrozenia-4.png 1598w\" sizes=\"auto, (max-width: 725px) 100vw, 725px\" \/><\/figure>\n<\/figure>\n","protected":false},"excerpt":{"rendered":"<p>Serdecznie zapraszamy na Interdyscyplinarn\u0105 Konferencj\u0119 Studenckich K\u00f3\u0142 Naukowych (IKSKN)\u201eDrobnoustroje w medycynie, farmacji i kosmetologii \u2013 korzy\u015bci i zagro\u017cenia\u201d. To wyj\u0105tkowe wydarzenie odb\u0119dzie si\u0119 12 czerwca 2026 roku we Wroc\u0142awiu, na Wydziale Farmaceutycznym Uniwersytetu Medycznego. Tematyka konferencji obejmuje \u015bwiat drobnoustroj\u00f3w z r\u00f3\u017cnych perspektyw. Poruszone zostan\u0105 zar\u00f3wno zagadnienia historyczne, zwi\u0105zane z walk\u0105 z mikroorganizmami na przestrzeni lat,<\/p>\n<div><a class=\"btn-filled btn\" href=\"https:\/\/konferencje.umw.edu.pl\/ikskn\/o-konferencji\/\" title=\"O konferencji\">Dowiedz si\u0119 wi\u0119cej<\/a><\/div>\n","protected":false},"author":1,"featured_media":0,"parent":0,"menu_order":0,"comment_status":"closed","ping_status":"closed","template":"","meta":{"footnotes":""},"class_list":["post-300","page","type-page","status-publish","hentry"],"_links":{"self":[{"href":"https:\/\/konferencje.umw.edu.pl\/ikskn\/wp-json\/wp\/v2\/pages\/300","targetHints":{"allow":["GET"]}}],"collection":[{"href":"https:\/\/konferencje.umw.edu.pl\/ikskn\/wp-json\/wp\/v2\/pages"}],"about":[{"href":"https:\/\/konferencje.umw.edu.pl\/ikskn\/wp-json\/wp\/v2\/types\/page"}],"author":[{"embeddable":true,"href":"https:\/\/konferencje.umw.edu.pl\/ikskn\/wp-json\/wp\/v2\/users\/1"}],"replies":[{"embeddable":true,"href":"https:\/\/konferencje.umw.edu.pl\/ikskn\/wp-json\/wp\/v2\/comments?post=300"}],"version-history":[{"count":32,"href":"https:\/\/konferencje.umw.edu.pl\/ikskn\/wp-json\/wp\/v2\/pages\/300\/revisions"}],"predecessor-version":[{"id":975,"href":"https:\/\/konferencje.umw.edu.pl\/ikskn\/wp-json\/wp\/v2\/pages\/300\/revisions\/975"}],"wp:attachment":[{"href":"https:\/\/konferencje.umw.edu.pl\/ikskn\/wp-json\/wp\/v2\/media?parent=300"}],"curies":[{"name":"wp","href":"https:\/\/api.w.org\/{rel}","templated":true}]}}

<p>Serdecznie zapraszamy na Interdyscyplinarną Konferencję Studenckich Kół Naukowych (IKSKN)<br /><strong>„Drobnoustroje w medycynie, farmacji i kosmetologii – korzyści i zagrożenia”.</strong></p>
<p>To wyjątkowe wydarzenie odbędzie się <strong>12 czerwca 2026 roku</strong> we Wrocławiu, na Wydziale Farmaceutycznym Uniwersytetu Medycznego.</p>
<p>Tematyka konferencji obejmuje świat drobnoustrojów z różnych perspektyw. Poruszone zostaną zarówno zagadnienia historyczne, związane z walką z mikroorganizmami na przestrzeni lat, jak i wyzwania współczesnej farmakoterapii, w tym problem antybiotykooporności. Prelegenci spróbują odpowiedzieć na pytanie, czy drobnoustroje są naszymi sprzymierzeńcami, czy wrogami — a może ich rola zależy od kontekstu. Omówione zostaną również kwestie bezpieczeństwa mikrobiologicznego w medycynie, farmacji i kosmetologii.</p>
<p>Konferencja stanowi doskonałą okazję do pogłębionej dyskusji oraz wymiany doświadczeń, a także spotkania z ekspertami i pasjonatami z zakresu chemii kosmetycznej, biologii, biotechnologii, mikrobiologii i toksykologii.</p>
<p><strong>Udział w wydarzeniu jest bezpłatny.</strong></p>
<p>Studenci mają możliwość zaprezentowania wyników swoich badań w formie prezentacji ustnych lub posterów. Dla autorów najlepszych prac przewidziane są atrakcyjne nagrody.</p>
<p>Konferencja odbędzie się w sali W3 Wydziału Farmaceutycznego przy ul. Borowskiej 211.</p>
<p>Zapraszamy pracowników naukowych, studentów oraz wszystkich zainteresowanych do udziału w tym inspirującym i edukacyjnym wydarzeniu.</p>
<p><strong>Dołącz do nas i podziel się swoją pasją do nauki!</strong></p>
<p>Komitet Naukowy i Organizacyjny</p>


<figure class="wp-block-gallery has-nested-images columns-default is-cropped wp-block-gallery-1 is-layout-flex wp-block-gallery-is-layout-flex">
<figure class="wp-block-image size-large"><img loading="lazy" decoding="async" width="725" height="1024" data-id="970" src="https://konferencje.umw.edu.pl/ikskn/wp-content/uploads/sites/27/2026/04/Drobnoustroje-w-medycynie-farmacji-i-kosmetologii-korzysci-i-zagrozenia-4-725x1024.png" alt="" class="wp-image-970" srcset="https://konferencje.umw.edu.pl/ikskn/wp-content/uploads/sites/27/2026/04/Drobnoustroje-w-medycynie-farmacji-i-kosmetologii-korzysci-i-zagrozenia-4-725x1024.png 725w, https://konferencje.umw.edu.pl/ikskn/wp-content/uploads/sites/27/2026/04/Drobnoustroje-w-medycynie-farmacji-i-kosmetologii-korzysci-i-zagrozenia-4-213x300.png 213w, https://konferencje.umw.edu.pl/ikskn/wp-content/uploads/sites/27/2026/04/Drobnoustroje-w-medycynie-farmacji-i-kosmetologii-korzysci-i-zagrozenia-4-768x1084.png 768w, https://konferencje.umw.edu.pl/ikskn/wp-content/uploads/sites/27/2026/04/Drobnoustroje-w-medycynie-farmacji-i-kosmetologii-korzysci-i-zagrozenia-4-1088x1536.png 1088w, https://konferencje.umw.edu.pl/ikskn/wp-content/uploads/sites/27/2026/04/Drobnoustroje-w-medycynie-farmacji-i-kosmetologii-korzysci-i-zagrozenia-4-1451x2048.png 1451w, https://konferencje.umw.edu.pl/ikskn/wp-content/uploads/sites/27/2026/04/Drobnoustroje-w-medycynie-farmacji-i-kosmetologii-korzysci-i-zagrozenia-4-82x116.png 82w, https://konferencje.umw.edu.pl/ikskn/wp-content/uploads/sites/27/2026/04/Drobnoustroje-w-medycynie-farmacji-i-kosmetologii-korzysci-i-zagrozenia-4.png 1598w" sizes="auto, (max-width: 725px) 100vw, 725px" /></figure>
</figure>

<p>Serdecznie zapraszamy na Interdyscyplinarną Konferencję Studenckich Kół Naukowych (IKSKN)„Drobnoustroje w medycynie, farmacji i kosmetologii – korzyści i zagrożenia”. To wyjątkowe wydarzenie odbędzie się 12 czerwca 2026 roku we Wrocławiu, na Wydziale Farmaceutycznym Uniwersytetu Medycznego. Tematyka konferencji obejmuje świat drobnoustrojów z różnych perspektyw. Poruszone zostaną zarówno zagadnienia historyczne, związane z walką z mikroorganizmami na przestrzeni lat,</p>
<div><a class="btn-filled btn" href="https://konferencje.umw.edu.pl/ikskn/o-konferencji/" title="O konferencji">Dowiedz się więcej</a></div>
