{"id":368,"date":"2023-02-03T08:26:15","date_gmt":"2023-02-03T07:26:15","guid":{"rendered":"https:\/\/konferencje.umw.edu.pl\/ikskn\/?page_id=368"},"modified":"2026-04-22T09:23:02","modified_gmt":"2026-04-22T07:23:02","slug":"abstrakty","status":"publish","type":"page","link":"https:\/\/konferencje.umw.edu.pl\/ikskn\/abstrakty\/","title":{"rendered":"ABSTRAKTY"},"content":{"rendered":"<h2 style=\"text-align: center;\"><a href=\"https:\/\/konferencje.umw.edu.pl\/ikskn\/wp-content\/uploads\/sites\/27\/2026\/04\/szablon-abstrakt.docx\"><strong>IKSKN &#8211; Szablon abstraktu\u00a0<\/strong><\/a><\/h2>\n<hr \/>\n<h3><\/h3>\n<h3 style=\"text-align: center;\"><a href=\"https:\/\/konferencje.umw.edu.pl\/ikskn\/wp-content\/uploads\/sites\/27\/2024\/09\/IKSKN-BOA.pdf\"><strong>IKSKN &#8211; PROGRAM i KSI\u0104\u017bKA STRESZCZE\u0143 2024\u00a0<\/strong><\/a><\/h3>\n","protected":false},"excerpt":{"rendered":"<p>IKSKN &#8211; Szablon abstraktu\u00a0 IKSKN &#8211; PROGRAM i KSI\u0104\u017bKA STRESZCZE\u0143 2024\u00a0<\/p>\n","protected":false},"author":1,"featured_media":0,"parent":0,"menu_order":0,"comment_status":"closed","ping_status":"closed","template":"","meta":{"footnotes":""},"class_list":["post-368","page","type-page","status-publish","hentry"],"_links":{"self":[{"href":"https:\/\/konferencje.umw.edu.pl\/ikskn\/wp-json\/wp\/v2\/pages\/368","targetHints":{"allow":["GET"]}}],"collection":[{"href":"https:\/\/konferencje.umw.edu.pl\/ikskn\/wp-json\/wp\/v2\/pages"}],"about":[{"href":"https:\/\/konferencje.umw.edu.pl\/ikskn\/wp-json\/wp\/v2\/types\/page"}],"author":[{"embeddable":true,"href":"https:\/\/konferencje.umw.edu.pl\/ikskn\/wp-json\/wp\/v2\/users\/1"}],"replies":[{"embeddable":true,"href":"https:\/\/konferencje.umw.edu.pl\/ikskn\/wp-json\/wp\/v2\/comments?post=368"}],"version-history":[{"count":35,"href":"https:\/\/konferencje.umw.edu.pl\/ikskn\/wp-json\/wp\/v2\/pages\/368\/revisions"}],"predecessor-version":[{"id":1008,"href":"https:\/\/konferencje.umw.edu.pl\/ikskn\/wp-json\/wp\/v2\/pages\/368\/revisions\/1008"}],"wp:attachment":[{"href":"https:\/\/konferencje.umw.edu.pl\/ikskn\/wp-json\/wp\/v2\/media?parent=368"}],"curies":[{"name":"wp","href":"https:\/\/api.w.org\/{rel}","templated":true}]}}