{"id":56,"date":"2022-12-19T14:05:36","date_gmt":"2022-12-19T13:05:36","guid":{"rendered":"https:\/\/konferencje.umw.edu.pl\/ikskn\/?page_id=56"},"modified":"2026-04-24T12:21:11","modified_gmt":"2026-04-24T10:21:11","slug":"organizatorzy","status":"publish","type":"page","link":"https:\/\/konferencje.umw.edu.pl\/ikskn\/organizatorzy\/","title":{"rendered":"Organizatorzy konferencji"},"content":{"rendered":"\r\n<p><strong>ORGANIZATORZY KONFERENCJI<\/strong><\/p>\r\n\r\n\r\n\r\n<ul class=\"wp-block-list\">\r\n<li>SKN Chemii Kosmetycznej<\/li>\r\n\r\n\r\n\r\n<li>SKN Toksykologiczne<\/li>\r\n\r\n\r\n\r\n<li>SKN Mikrobiologii Klinicznej<\/li>\r\n\r\n\r\n\r\n<li>SKN Biologii i Biotechnologii Farmaceutycznej<\/li>\r\n<\/ul>\r\n\r\n\r\n\r\n<p><strong>PATRONAT HONOROWY<\/strong><\/p>\r\n\r\n\r\n\r\n<ul class=\"wp-block-list\">\r\n<li>Prorektor ds. Studenckich i Dydaktyki prof. dr hab. Agnieszka Piwowar<\/li>\r\n\r\n\r\n\r\n<li>Dziekan Wydzia\u0142u Farmaceutycznego dr hab. Marcin M\u0105czy\u0144ski, prof. UMW<\/li>\r\n<\/ul>\r\n\r\n\r\n\r\n<p><strong>KOMITET ORGANIZACYJNY<\/strong><\/p>\r\n\r\n\r\n\r\n<p><strong>PRZEWODNICZ\u0104CA:<\/strong><\/p>\r\n\r\n\r\n\r\n<ul class=\"wp-block-list\">\r\n<li>Antonina Trzaskoma<\/li>\r\n<\/ul>\r\n\r\n\r\n\r\n<p><strong>CZ\u0141ONKOWIE:<\/strong><\/p>\r\n\r\n\r\n\r\n<ul class=\"wp-block-list\">\r\n<li>dr hab. Anna Bizo\u0144, prof. UMW<\/li>\r\n\r\n\r\n\r\n<li>dr Ewa \u017burawska-P\u0142aksej<\/li>\r\n\r\n\r\n\r\n<li>dr hab. Ewa Sawicka<\/li>\r\n\r\n\r\n\r\n<li>dr Beata Szyma\u0144ska<\/li>\r\n\r\n\r\n\r\n<li>dr Katarzyna Jermakow, prof. UMW<\/li>\r\n\r\n\r\n\r\n<li>dr Beata Tyli\u0144ska, prof.UMW<\/li>\r\n\r\n\r\n\r\n<li>mgr Teresa Glomb<\/li>\r\n\r\n\r\n\r\n<li>dr Aleksandra Redzicka<\/li>\r\n\r\n\r\n\r\n<li>dr Weronika Koz\u0142owska<\/li>\r\n\r\n\r\n\r\n<li>dr Katarzyna Lipke<\/li>\r\n\r\n\r\n\r\n<li>mgr in\u017c. Katharina Hausler<\/li>\r\n\r\n\r\n\r\n<li>Rafa\u0142 Kuczma<\/li>\r\n\r\n\r\n\r\n<li>Jan Baluk<\/li>\r\n<\/ul>\r\n\r\n\r\n\r\n<p><strong>KOMITET NAUKOWY:<\/strong><\/p>\r\n\r\n\r\n\r\n<p><strong>PRZEWODNICZ\u0104CA:<\/strong><\/p>\r\n\r\n\r\n\r\n<ul class=\"wp-block-list\">\r\n<li>dr Aleksandra Redzicka, prof. UMW<\/li>\r\n<\/ul>\r\n\r\n\r\n\r\n<p><strong>CZ\u0141ONKOWIE:<\/strong><\/p>\r\n\r\n\r\n\r\n<ul class=\"wp-block-list\">\r\n<li>dr hab. Anna Bizo\u0144, prof. UMW<\/li>\r\n\r\n\r\n\r\n<li>dr Ewa \u017burawska-P\u0142aksej<\/li>\r\n\r\n\r\n\r\n<li>dr hab. Ewa Sawicka<\/li>\r\n\r\n\r\n\r\n<li>dr Beata Szyma\u0144ska<\/li>\r\n\r\n\r\n\r\n<li>dr Katarzyna Jermakow, prof. UMW<\/li>\r\n\r\n\r\n\r\n<li>dr Beata Tyli\u0144ska, prof.UMW<\/li>\r\n\r\n\r\n\r\n<li>dr in\u017c. Weronika Koz\u0142owska<\/li>\r\n\r\n\r\n\r\n<li>dr Katarzyna Lipke<\/li>\r\n\r\n\r\n\r\n<li>mgr in\u017c. Katharina Hausler<\/li>\r\n<\/ul>\r\n","protected":false},"excerpt":{"rendered":"<p>ORGANIZATORZY KONFERENCJI PATRONAT HONOROWY KOMITET ORGANIZACYJNY PRZEWODNICZ\u0104CA: CZ\u0141ONKOWIE: KOMITET NAUKOWY: PRZEWODNICZ\u0104CA: CZ\u0141ONKOWIE:<\/p>\n","protected":false},"author":1,"featured_media":0,"parent":0,"menu_order":0,"comment_status":"closed","ping_status":"closed","template":"","meta":{"footnotes":""},"class_list":["post-56","page","type-page","status-publish","hentry"],"_links":{"self":[{"href":"https:\/\/konferencje.umw.edu.pl\/ikskn\/wp-json\/wp\/v2\/pages\/56","targetHints":{"allow":["GET"]}}],"collection":[{"href":"https:\/\/konferencje.umw.edu.pl\/ikskn\/wp-json\/wp\/v2\/pages"}],"about":[{"href":"https:\/\/konferencje.umw.edu.pl\/ikskn\/wp-json\/wp\/v2\/types\/page"}],"author":[{"embeddable":true,"href":"https:\/\/konferencje.umw.edu.pl\/ikskn\/wp-json\/wp\/v2\/users\/1"}],"replies":[{"embeddable":true,"href":"https:\/\/konferencje.umw.edu.pl\/ikskn\/wp-json\/wp\/v2\/comments?post=56"}],"version-history":[{"count":36,"href":"https:\/\/konferencje.umw.edu.pl\/ikskn\/wp-json\/wp\/v2\/pages\/56\/revisions"}],"predecessor-version":[{"id":1015,"href":"https:\/\/konferencje.umw.edu.pl\/ikskn\/wp-json\/wp\/v2\/pages\/56\/revisions\/1015"}],"wp:attachment":[{"href":"https:\/\/konferencje.umw.edu.pl\/ikskn\/wp-json\/wp\/v2\/media?parent=56"}],"curies":[{"name":"wp","href":"https:\/\/api.w.org\/{rel}","templated":true}]}}

<p><strong>ORGANIZATORZY KONFERENCJI</strong></p>



<ul class="wp-block-list">
<li>SKN Chemii Kosmetycznej</li>



<li>SKN Toksykologiczne</li>



<li>SKN Mikrobiologii Klinicznej</li>



<li>SKN Biologii i Biotechnologii Farmaceutycznej</li>
</ul>



<p><strong>PATRONAT HONOROWY</strong></p>



<ul class="wp-block-list">
<li>Prorektor ds. Studenckich i Dydaktyki prof. dr hab. Agnieszka Piwowar</li>



<li>Dziekan Wydziału Farmaceutycznego dr hab. Marcin Mączyński, prof. UMW</li>
</ul>



<p><strong>KOMITET ORGANIZACYJNY</strong></p>



<p><strong>PRZEWODNICZĄCA:</strong></p>



<ul class="wp-block-list">
<li>Antonina Trzaskoma</li>
</ul>



<p><strong>CZŁONKOWIE:</strong></p>



<ul class="wp-block-list">
<li>dr hab. Anna Bizoń, prof. UMW</li>



<li>dr Ewa Żurawska-Płaksej</li>



<li>dr hab. Ewa Sawicka</li>



<li>dr Beata Szymańska</li>



<li>dr Katarzyna Jermakow, prof. UMW</li>



<li>dr Beata Tylińska, prof.UMW</li>



<li>mgr Teresa Glomb</li>



<li>dr Aleksandra Redzicka</li>



<li>dr Weronika Kozłowska</li>



<li>dr Katarzyna Lipke</li>



<li>mgr inż. Katharina Hausler</li>



<li>Rafał Kuczma</li>



<li>Jan Baluk</li>
</ul>



<p><strong>KOMITET NAUKOWY:</strong></p>



<p><strong>PRZEWODNICZĄCA:</strong></p>



<ul class="wp-block-list">
<li>dr Aleksandra Redzicka, prof. UMW</li>
</ul>



<p><strong>CZŁONKOWIE:</strong></p>



<ul class="wp-block-list">
<li>dr hab. Anna Bizoń, prof. UMW</li>



<li>dr Ewa Żurawska-Płaksej</li>



<li>dr hab. Ewa Sawicka</li>



<li>dr Beata Szymańska</li>



<li>dr Katarzyna Jermakow, prof. UMW</li>



<li>dr Beata Tylińska, prof.UMW</li>



<li>dr inż. Weronika Kozłowska</li>



<li>dr Katarzyna Lipke</li>



<li>mgr inż. Katharina Hausler</li>
</ul>

<p>ORGANIZATORZY KONFERENCJI PATRONAT HONOROWY KOMITET ORGANIZACYJNY PRZEWODNICZĄCA: CZŁONKOWIE: KOMITET NAUKOWY: PRZEWODNICZĄCA: CZŁONKOWIE:</p>
