{"id":586,"date":"2024-02-16T08:10:56","date_gmt":"2024-02-16T07:10:56","guid":{"rendered":"https:\/\/konferencje.umw.edu.pl\/ikskn\/?page_id=586"},"modified":"2026-04-24T12:20:01","modified_gmt":"2026-04-24T10:20:01","slug":"program","status":"publish","type":"page","link":"https:\/\/konferencje.umw.edu.pl\/ikskn\/program\/","title":{"rendered":"Program Konferencji"},"content":{"rendered":"\r\n<p><strong>Program Konferencji<\/strong><\/p>\r\n\r\n\r\n\r\n<p>8:00-8:30 rejestracja uczestnik\u00f3w<br \/>8:30-8:45 otwarcie Konferencji<br \/>8:45-9:30 wyk\u0142ad inauguracyjny &#8211; <em>HIV w XXI wieku: wyzwania, postepy i perspektywy<\/em> (Beata Szyma\u0144ska)<\/p>\r\n\r\n\r\n\r\n<p><strong>Sesja 1 &#8211; <\/strong><strong>Historycznie i <\/strong><strong>\u201ekulturalnie\u201d o drobnoustrojach<\/strong><\/p>\r\n\r\n\r\n\r\n<p>(moderatorzy: Aleksandra Zacharska i Karolina Wadas)<br \/>9:30-9:50 <em>Od przypadku do prze\u0142omu &#8211; historia odkrycia antybiotyk\u00f3w (<\/em>Jadwiga Maniewska)<br \/>9:50-10:00 <em>\u201eKulturalnie\u201d o drobnoustrojach<\/em> (Teresa Glomb)<br \/>10:00-10:10 (Marcel Jurkiewicz)<br \/>10:10-10:20 (Borys Nowak)<br \/>10:20-10:30 <em>Od sanatori\u00f3w do nowoczesnych chemioterapeutyk\u00f3w \u2013 leczenie gru\u017alicy wczoraj i dzi\u015b <\/em>(Aleksandra Fary\u015b)<br \/>10:30-10:40 dyskusja<\/p>\r\n\r\n\r\n\r\n<p><strong>Sesja plakatowa i przerwa kawowa<\/strong><br \/>(hol przy sali W3)<\/p>\r\n\r\n\r\n\r\n<p><strong>Sesja 2<\/strong> &#8211; <strong>Drobnoustroje \u2013 wr\u00f3g czy partner?<\/strong><\/p>\r\n\r\n\r\n\r\n<p>(moderatorzy: Rafa\u0142 Kuczma i Joanna Wrona)<br \/>11:00-11:20 <em>Kto tu kogo hoduje? Mikroorganizmy jako architekci naszej przysz\u0142o\u015bci<\/em> (Weronika Koz\u0142owska)<br \/>11:20-11:30 <em>Wieczne chemikalia kontra bakterie \u2013 czy drobnoustroje to rozwi\u0105zanie problemu plastiku i PFAS?<\/em> (Katharina H\u00e4usler)<br \/>11:30-11:40 <em>Kwas hialuronowy i bakterie \u2013 kto tu kogo wykorzystuje?<\/em> SKN Mikrobiologia<br \/>11:40-11:50 <em>Zapro\u015b przyjaci\u00f3\u0142 do domu \u2013 transfer mikrobioty jelitowej (<\/em>Antonina Trzaskoma)<br \/>11:50-12:10 dyskusja<\/p>\r\n\r\n\r\n\r\n<p><strong>Sesja plakatowa i przerwa kawowa<\/strong><br \/>(hol przy sali W3)<\/p>\r\n\r\n\r\n\r\n<p><strong>Sesja 3 &#8211; <\/strong><strong>Uwaga na drobnoustroje! Wyzwania bezpiecze\u0144stwa mikrobiologicznego w medycynie, farmacji i kosmetologii<\/strong><\/p>\r\n\r\n\r\n\r\n<p><strong>(<\/strong>moderatorzy: &#8230;)<br \/>12:30-12:50 <em>Zanieczyszczenie mikrobiologiczne kosmetyk\u00f3w w u\u017cyciu jako potencjalne zagro\u017cenie zdrowotne<\/em> (Anna Bizo\u0144)<br \/>12:50-13:00 <em>Antybiotyki i co dalej<\/em>\u2026 (Dominika Szkatu\u0142a)<br \/>13:00-13:10 (Patryk Zdanowicz)<br \/>13:10-13:20 <em>Antyperspirantyvs dezodoranty wp\u0142yw na mikroflor\u0119 sk\u00f3ry<\/em>(Damian W\u0105sowski)<br \/>13:20-13:30 <em>Nieudane \u201ewej\u015bcie smoka\u201d \u2026 brak zastosowania klinicznego streptogramin<\/em> (Szymon Barwi\u0144ski)<br \/>13:30-13:40 dyskusja<\/p>\r\n\r\n\r\n\r\n<p><strong>Przerwa lunchowa i g\u0142osowanie na nagrod\u0119 publiczno\u015bci<\/strong><br \/>(hol przy sali W3)<\/p>\r\n\r\n\r\n\r\n<p>14:10-14:30 Podsumowanie Konferencji (rozstrzygni\u0119cie konkurs\u00f3w na najlepsze wyst\u0105pienie, najlepszy plakat oraz nagrod\u0119 publiczno\u015bci)<\/p>\r\n\r\n\r\n\r\n<p>&nbsp;<\/p>\r\n","protected":false},"excerpt":{"rendered":"<p>Program Konferencji 8:00-8:30 rejestracja uczestnik\u00f3w8:30-8:45 otwarcie Konferencji8:45-9:30 wyk\u0142ad inauguracyjny &#8211; HIV w XXI wieku: wyzwania, postepy i perspektywy (Beata Szyma\u0144ska) Sesja 1 &#8211; Historycznie i \u201ekulturalnie\u201d o drobnoustrojach (moderatorzy: Aleksandra Zacharska i Karolina Wadas)9:30-9:50 Od przypadku do prze\u0142omu &#8211; historia odkrycia antybiotyk\u00f3w (Jadwiga Maniewska)9:50-10:00 \u201eKulturalnie\u201d o drobnoustrojach (Teresa Glomb)10:00-10:10 (Marcel Jurkiewicz)10:10-10:20 (Borys Nowak)10:20-10:30 Od sanatori\u00f3w<\/p>\n<div><a class=\"btn-filled btn\" href=\"https:\/\/konferencje.umw.edu.pl\/ikskn\/program\/\" title=\"Program Konferencji\">Dowiedz si\u0119 wi\u0119cej<\/a><\/div>\n","protected":false},"author":1,"featured_media":0,"parent":0,"menu_order":0,"comment_status":"closed","ping_status":"closed","template":"","meta":{"footnotes":""},"class_list":["post-586","page","type-page","status-publish","hentry"],"_links":{"self":[{"href":"https:\/\/konferencje.umw.edu.pl\/ikskn\/wp-json\/wp\/v2\/pages\/586","targetHints":{"allow":["GET"]}}],"collection":[{"href":"https:\/\/konferencje.umw.edu.pl\/ikskn\/wp-json\/wp\/v2\/pages"}],"about":[{"href":"https:\/\/konferencje.umw.edu.pl\/ikskn\/wp-json\/wp\/v2\/types\/page"}],"author":[{"embeddable":true,"href":"https:\/\/konferencje.umw.edu.pl\/ikskn\/wp-json\/wp\/v2\/users\/1"}],"replies":[{"embeddable":true,"href":"https:\/\/konferencje.umw.edu.pl\/ikskn\/wp-json\/wp\/v2\/comments?post=586"}],"version-history":[{"count":25,"href":"https:\/\/konferencje.umw.edu.pl\/ikskn\/wp-json\/wp\/v2\/pages\/586\/revisions"}],"predecessor-version":[{"id":1014,"href":"https:\/\/konferencje.umw.edu.pl\/ikskn\/wp-json\/wp\/v2\/pages\/586\/revisions\/1014"}],"wp:attachment":[{"href":"https:\/\/konferencje.umw.edu.pl\/ikskn\/wp-json\/wp\/v2\/media?parent=586"}],"curies":[{"name":"wp","href":"https:\/\/api.w.org\/{rel}","templated":true}]}}

<p><strong>Program Konferencji</strong></p>



<p>8:00-8:30 rejestracja uczestników<br />8:30-8:45 otwarcie Konferencji<br />8:45-9:30 wykład inauguracyjny &#8211; <em>HIV w XXI wieku: wyzwania, postepy i perspektywy</em> (Beata Szymańska)</p>



<p><strong>Sesja 1 &#8211; </strong><strong>Historycznie i </strong><strong>„kulturalnie” o drobnoustrojach</strong></p>



<p>(moderatorzy: Aleksandra Zacharska i Karolina Wadas)<br />9:30-9:50 <em>Od przypadku do przełomu &#8211; historia odkrycia antybiotyków (</em>Jadwiga Maniewska)<br />9:50-10:00 <em>„Kulturalnie” o drobnoustrojach</em> (Teresa Glomb)<br />10:00-10:10 (Marcel Jurkiewicz)<br />10:10-10:20 (Borys Nowak)<br />10:20-10:30 <em>Od sanatoriów do nowoczesnych chemioterapeutyków – leczenie gruźlicy wczoraj i dziś </em>(Aleksandra Faryś)<br />10:30-10:40 dyskusja</p>



<p><strong>Sesja plakatowa i przerwa kawowa</strong><br />(hol przy sali W3)</p>



<p><strong>Sesja 2</strong> &#8211; <strong>Drobnoustroje – wróg czy partner?</strong></p>



<p>(moderatorzy: Rafał Kuczma i Joanna Wrona)<br />11:00-11:20 <em>Kto tu kogo hoduje? Mikroorganizmy jako architekci naszej przyszłości</em> (Weronika Kozłowska)<br />11:20-11:30 <em>Wieczne chemikalia kontra bakterie – czy drobnoustroje to rozwiązanie problemu plastiku i PFAS?</em> (Katharina Häusler)<br />11:30-11:40 <em>Kwas hialuronowy i bakterie – kto tu kogo wykorzystuje?</em> SKN Mikrobiologia<br />11:40-11:50 <em>Zaproś przyjaciół do domu – transfer mikrobioty jelitowej (</em>Antonina Trzaskoma)<br />11:50-12:10 dyskusja</p>



<p><strong>Sesja plakatowa i przerwa kawowa</strong><br />(hol przy sali W3)</p>



<p><strong>Sesja 3 &#8211; </strong><strong>Uwaga na drobnoustroje! Wyzwania bezpieczeństwa mikrobiologicznego w medycynie, farmacji i kosmetologii</strong></p>



<p><strong>(</strong>moderatorzy: &#8230;)<br />12:30-12:50 <em>Zanieczyszczenie mikrobiologiczne kosmetyków w użyciu jako potencjalne zagrożenie zdrowotne</em> (Anna Bizoń)<br />12:50-13:00 <em>Antybiotyki i co dalej</em>… (Dominika Szkatuła)<br />13:00-13:10 (Patryk Zdanowicz)<br />13:10-13:20 <em>Antyperspirantyvs dezodoranty wpływ na mikroflorę skóry</em>(Damian Wąsowski)<br />13:20-13:30 <em>Nieudane „wejście smoka” … brak zastosowania klinicznego streptogramin</em> (Szymon Barwiński)<br />13:30-13:40 dyskusja</p>



<p><strong>Przerwa lunchowa i głosowanie na nagrodę publiczności</strong><br />(hol przy sali W3)</p>



<p>14:10-14:30 Podsumowanie Konferencji (rozstrzygnięcie konkursów na najlepsze wystąpienie, najlepszy plakat oraz nagrodę publiczności)</p>



<p>&nbsp;</p>

<p>Program Konferencji 8:00-8:30 rejestracja uczestników8:30-8:45 otwarcie Konferencji8:45-9:30 wykład inauguracyjny &#8211; HIV w XXI wieku: wyzwania, postepy i perspektywy (Beata Szymańska) Sesja 1 &#8211; Historycznie i „kulturalnie” o drobnoustrojach (moderatorzy: Aleksandra Zacharska i Karolina Wadas)9:30-9:50 Od przypadku do przełomu &#8211; historia odkrycia antybiotyków (Jadwiga Maniewska)9:50-10:00 „Kulturalnie” o drobnoustrojach (Teresa Glomb)10:00-10:10 (Marcel Jurkiewicz)10:10-10:20 (Borys Nowak)10:20-10:30 Od sanatoriów</p>
<div><a class="btn-filled btn" href="https://konferencje.umw.edu.pl/ikskn/program/" title="Program Konferencji">Dowiedz się więcej</a></div>
