{"id":1031,"date":"2025-03-18T09:51:08","date_gmt":"2025-03-18T08:51:08","guid":{"rendered":"https:\/\/konferencje.umw.edu.pl\/intimind\/?page_id=1031"},"modified":"2026-04-14T09:41:08","modified_gmt":"2026-04-14T07:41:08","slug":"wykladowcy","status":"publish","type":"page","link":"https:\/\/konferencje.umw.edu.pl\/intimind\/wykladowcy\/","title":{"rendered":"Wyk\u0142adowcy"},"content":{"rendered":"<p><strong>Panel neurologiczno-kardiologiczny:<\/strong><\/p>\n<p>dr Mateusz Garus<br \/>\n<em>Zaawansowana niewydolno\u015b\u0107 serca &#8211; miejsce mechanicznego wspomagania kr\u0105\u017cenia<\/em><\/p>\n<p>dr n. med. Justyna Korbecka<br \/>\n<em>Neurologia interwencyjna i molekularna rewolucja w leczeniu chor\u00f3b dot\u0105d nieuleczalnych<\/em><\/p>\n<p>dr n. med. Natalia Feliniak<br \/>\n<em>Choroba niedokrwienna serca, ewolucja leczenia interwencyjnego<\/em><\/p>\n<p><!-- 4. dr n. med. Robert Kowalczyk\n\n5. dr Pavel Holub\n\n6. dr n. med. Marcin J\u0119dryka --><\/p>\n<p><strong>Panel psychiatryczno-seksuologiczny:<\/strong><\/p>\n<p>lek. Jakub Sobieraj, doktorant UMW<br \/>\n<em>Organika czy psychika? Przewlek\u0142e zm\u0119czenie i inne objawy neuropsychiatryczne<\/em><\/p>\n<p>dr Robert Kowalczyk, prof. UMW<br \/>\n<em>Po\u017c\u0105danie w relacji. Mi\u0119dzy potrzeb\u0105 blisko\u015bci a potrzeb\u0105 autonomii.<\/em><\/p>\n<p>dr n. med. Przemys\u0142aw Zakowicz<br \/>\n<em>Kolorowy \u015bwiat za szyb\u0105 &#8211; objawy psychotyczne w populacji dzieci i m\u0142odzie\u017cy<\/em><\/p>\n<p>Kinga Barszcz<br \/>\nFundacja Federa<br \/>\n<em>Mi\u0119dzy edukacja, a dezinformacj\u0105. Wsp\u00f3\u0142czesne \u017ar\u00f3d\u0142a wiedzy o seksie w\u015br\u00f3d m\u0142odych ludzi. Wp\u0142yw<br \/>\nmedi\u00f3w na seksualno\u015b\u0107.<\/em><\/p>\n<p><!-- 5. dr n. med. Adrian Korbecki --><\/p>\n","protected":false},"excerpt":{"rendered":"<p>Panel neurologiczno-kardiologiczny: dr Mateusz Garus Zaawansowana niewydolno\u015b\u0107 serca &#8211; miejsce mechanicznego wspomagania kr\u0105\u017cenia dr n. med. Justyna Korbecka Neurologia interwencyjna i molekularna rewolucja w leczeniu chor\u00f3b dot\u0105d nieuleczalnych dr n. med. Natalia Feliniak Choroba niedokrwienna serca, ewolucja leczenia interwencyjnego Panel psychiatryczno-seksuologiczny: lek. Jakub Sobieraj, doktorant UMW Organika czy psychika? Przewlek\u0142e zm\u0119czenie i inne objawy neuropsychiatryczne<\/p>\n<div><a class=\"btn-filled btn\" href=\"https:\/\/konferencje.umw.edu.pl\/intimind\/wykladowcy\/\" title=\"Wyk\u0142adowcy\">Dowiedz si\u0119 wi\u0119cej<\/a><\/div>\n","protected":false},"author":1,"featured_media":0,"parent":0,"menu_order":0,"comment_status":"closed","ping_status":"closed","template":"","meta":{"footnotes":""},"class_list":["post-1031","page","type-page","status-publish","hentry"],"_links":{"self":[{"href":"https:\/\/konferencje.umw.edu.pl\/intimind\/wp-json\/wp\/v2\/pages\/1031","targetHints":{"allow":["GET"]}}],"collection":[{"href":"https:\/\/konferencje.umw.edu.pl\/intimind\/wp-json\/wp\/v2\/pages"}],"about":[{"href":"https:\/\/konferencje.umw.edu.pl\/intimind\/wp-json\/wp\/v2\/types\/page"}],"author":[{"embeddable":true,"href":"https:\/\/konferencje.umw.edu.pl\/intimind\/wp-json\/wp\/v2\/users\/1"}],"replies":[{"embeddable":true,"href":"https:\/\/konferencje.umw.edu.pl\/intimind\/wp-json\/wp\/v2\/comments?post=1031"}],"version-history":[{"count":12,"href":"https:\/\/konferencje.umw.edu.pl\/intimind\/wp-json\/wp\/v2\/pages\/1031\/revisions"}],"predecessor-version":[{"id":1556,"href":"https:\/\/konferencje.umw.edu.pl\/intimind\/wp-json\/wp\/v2\/pages\/1031\/revisions\/1556"}],"wp:attachment":[{"href":"https:\/\/konferencje.umw.edu.pl\/intimind\/wp-json\/wp\/v2\/media?parent=1031"}],"curies":[{"name":"wp","href":"https:\/\/api.w.org\/{rel}","templated":true}]}}