{"id":1049,"date":"2025-03-18T10:47:22","date_gmt":"2025-03-18T09:47:22","guid":{"rendered":"https:\/\/konferencje.umw.edu.pl\/intimind\/?page_id=1049"},"modified":"2026-03-12T09:29:28","modified_gmt":"2026-03-12T08:29:28","slug":"o-konferencji","status":"publish","type":"page","link":"https:\/\/konferencje.umw.edu.pl\/intimind\/o-konferencji\/","title":{"rendered":"O konferencji"},"content":{"rendered":"<p>Zapraszamy do udzia\u0142u w IntiMind \u2013 og\u00f3lnopolskiej interdyscyplinarnej konferencji studenckiej, kt\u00f3ra odb\u0119dzie si\u0119 25-26 kwietnia 2026 w budynku wydzia\u0142u farmaceutycznego UMW. IntiMind jest skierowana do os\u00f3b zainteresowanych kardiologi\u0105, seksuologi\u0105, psychiatri\u0105 i neurologi\u0105.<\/p>\n<p>Konferencja ma na celu wspieranie edukacji student\u00f3w i m\u0142odych lekarzy poprzez wyk\u0142ady tematyczne, warsztaty praktyczne i teoretyczne oraz konkurs prac naukowych. Uczestnicy b\u0119d\u0105 mieli okazj\u0119 poszerzy\u0107 swoje horyzonty naukowe oraz zaprezentowa\u0107 swoje prace i studia przypadk\u00f3w przed komitetem naukowym. Chcieliby\u015bmy, aby wydarzenie umo\u017cliwia\u0142o wymian\u0119 wiedzy i<br \/>\nspostrze\u017ce\u0144 promuj\u0105c interdyscyplinarne podej\u015bcie w zakresie zdrowia psychicznego i kardiologiczno &#8211; neurologicznego. Zapraszamy do zg\u0142aszania abstrakt\u00f3w oraz udzia\u0142u w wydarzeniu!<\/p>\n<p>Aby by\u0107 na bie\u017c\u0105co zapraszamy do obserwowania fanpage\u2019u wydarzenia.<\/p>\n<p>Ksi\u0105\u017cka abstrakt\u00f3w II edycji Og\u00f3lnopolskiej Interyscyplinarnej Konferencji IntiMind do pobrania: wkr\u00f3tce.<\/p>\n","protected":false},"excerpt":{"rendered":"<p>Zapraszamy do udzia\u0142u w IntiMind \u2013 og\u00f3lnopolskiej interdyscyplinarnej konferencji studenckiej, kt\u00f3ra odb\u0119dzie si\u0119 25-26 kwietnia 2026 w budynku wydzia\u0142u farmaceutycznego UMW. IntiMind jest skierowana do os\u00f3b zainteresowanych kardiologi\u0105, seksuologi\u0105, psychiatri\u0105 i neurologi\u0105. Konferencja ma na celu wspieranie edukacji student\u00f3w i m\u0142odych lekarzy poprzez wyk\u0142ady tematyczne, warsztaty praktyczne i teoretyczne oraz konkurs prac naukowych. Uczestnicy b\u0119d\u0105<\/p>\n<div><a class=\"btn-filled btn\" href=\"https:\/\/konferencje.umw.edu.pl\/intimind\/o-konferencji\/\" title=\"O konferencji\">Dowiedz si\u0119 wi\u0119cej<\/a><\/div>\n","protected":false},"author":1,"featured_media":0,"parent":0,"menu_order":0,"comment_status":"closed","ping_status":"closed","template":"","meta":{"footnotes":""},"class_list":["post-1049","page","type-page","status-publish","hentry"],"_links":{"self":[{"href":"https:\/\/konferencje.umw.edu.pl\/intimind\/wp-json\/wp\/v2\/pages\/1049","targetHints":{"allow":["GET"]}}],"collection":[{"href":"https:\/\/konferencje.umw.edu.pl\/intimind\/wp-json\/wp\/v2\/pages"}],"about":[{"href":"https:\/\/konferencje.umw.edu.pl\/intimind\/wp-json\/wp\/v2\/types\/page"}],"author":[{"embeddable":true,"href":"https:\/\/konferencje.umw.edu.pl\/intimind\/wp-json\/wp\/v2\/users\/1"}],"replies":[{"embeddable":true,"href":"https:\/\/konferencje.umw.edu.pl\/intimind\/wp-json\/wp\/v2\/comments?post=1049"}],"version-history":[{"count":11,"href":"https:\/\/konferencje.umw.edu.pl\/intimind\/wp-json\/wp\/v2\/pages\/1049\/revisions"}],"predecessor-version":[{"id":1508,"href":"https:\/\/konferencje.umw.edu.pl\/intimind\/wp-json\/wp\/v2\/pages\/1049\/revisions\/1508"}],"wp:attachment":[{"href":"https:\/\/konferencje.umw.edu.pl\/intimind\/wp-json\/wp\/v2\/media?parent=1049"}],"curies":[{"name":"wp","href":"https:\/\/api.w.org\/{rel}","templated":true}]}}