{"id":254,"date":"2023-11-17T14:35:07","date_gmt":"2023-11-17T13:35:07","guid":{"rendered":"https:\/\/konferencje.umw.edu.pl\/konferencjacff2024\/?page_id=254"},"modified":"2024-07-23T14:14:17","modified_gmt":"2024-07-23T12:14:17","slug":"o-konferencji","status":"publish","type":"page","link":"https:\/\/konferencje.umw.edu.pl\/konferencjacff2024\/o-konferencji\/","title":{"rendered":"O konferencji"},"content":{"rendered":"<p><strong>\u201eCHEMIA FIZYCZNA I BIOFIZYKA DLA FARMACJI 2024\u201d\u00a0 <\/strong><\/p>\n<p>Serdecznie zapraszamy Pa\u0144stwa do udzia\u0142u w konferencji naukowej \u201eChemia fizyczna i biofizyka dla farmacji\u201d. Celem konferencji jest umo\u017cliwienie badaczom, w tym doktorantom oraz studentom, dyskusji nt. najnowszych, wa\u017cnych osi\u0105gni\u0119\u0107 badawczych w dziedzinie chemii fizycznej i biofizyki w zastosowaniach medycznych i farmaceutycznych. Tematyka spotkania obejmuje m.in. budow\u0119 i dynamik\u0119 makrokoleku\u0142 i biomakromoleku\u0142, oddzia\u0142ywania mi\u0119dzycz\u0105steczkowe, metody do\u015bwiadczalne i teoretyczne w badaniach fizykochemicznych i farmaceutycznych polimer\u00f3w pochodzenia naturalnego i syntetycznego. Kontekst konferencji dotyczy bada\u0144 i rozwoju nowych lek\u00f3w i ich no\u015bnik\u00f3w, oraz projektowanie nowych urz\u0105dze\u0144 i wyrob\u00f3w medycznych, odpowiednich metod syntezy, analizy i aplikacji.<\/p>\n<p>Uczestnicy mog\u0105 przedstawia\u0107 wyniki swoich bada\u0144 w formie poster\u00f3w, oraz wyk\u0142ad\u00f3w. O formie prezentacji b\u0119dzie decydowa\u0107 kolejno\u015b\u0107 zg\u0142osze\u0144 oraz rekomendacja Komitetu Naukowego konferencji. Mo\u017cliwy jest udzia\u0142 osobisty oraz udzia\u0142 online przez platform\u0119 MSTeams. Streszczenia wyk\u0142ad\u00f3w oraz prezentacji plakatowych zostan\u0105 zamieszczone w materia\u0142ach konferencyjnych. Wyk\u0142ady konferencyjne odbywaj\u0105 si\u0119 w j\u0119zyku polskim lub angielskim, plakaty przygotowywane s\u0105 w j\u0119zyku polskim lub angielskim, streszczenia konferencyjne przygotowywane s\u0105 w j\u0119zyku angielskim, manuskrypt do Polimer\u00f3w w Medycynie przygotowywany jest w j\u0119zyku angielskim.<\/p>\n<p>Konferencja zlokalizowana jest w kampusie Uniwersytetu Medycznego we Wroc\u0142awiu, przy ul. Borowskiej, w centralnej cz\u0119\u015bci miasta, skomunikowanej z malowniczym sercem wroc\u0142awskiego Starego Miasta.<\/p>\n<p>Uczestnik\u00f3w konferencji serdecznie zapraszamy do publikacji, w j\u0119zyku angielskim, swoich niepublikowanych wcze\u015bniej manuskrypt\u00f3w, opartych na wyst\u0105pieniach zaprezentowanych na naszej konferencji, w formie pe\u0142nych artyku\u0142\u00f3w w czasopi\u015bmie Polymers in Medicine\/Polimery w Medycynie [ISSN 0370-0747 (print), ISSN 2451-2699 (online), punktacja MEiN 2024 = 70, druk bezp\u0142atny, link do czasopisma: https:\/\/polimery.umw.edu.pl\/en\/home\/]. Wszystkie artyku\u0142y b\u0119d\u0105 recenzowane zgodnie ze standardow\u0105 procedur\u0105 obowi\u0105zuj\u0105c\u0105 w czasopi\u015bmie. Przesy\u0142aj\u0105c prac\u0119 prosimy o informacj\u0119, \u017ce temat by\u0142 prezentowany na konferencji \u201eChemia fizyczna i biofizyka dla farmacji\u201d. Termin nadsy\u0142ania manuskrypt\u00f3w up\u0142ywa 30 czerwca 2024 (numer drugi czasopisma w 2024) lub 30 wrze\u015bnia 2024 (numer pierwszy czasopisma w 2025) \u2013 op\u0142ata konferencyjna upowa\u017cnia do opublikowania dw\u00f3ch artyku\u0142\u00f3w przez jednego uczestnika konferencji jako pierwszego autora.<\/p>\n<p>Naszej konferencji towarzyszy wydarzenie satelitarne \u00a0&#8211; panel dyskusyjny ekspert\u00f3w, dotycz\u0105cy mi\u0119dzynarodowej wsp\u00f3\u0142pracy naukowo-dydaktycznej. Eksperci podziel\u0105 si\u0119 praktycznymi do\u015bwiadczeniami z zakresu wsp\u00f3\u0142pracy miedzynarodowej w obszarze farmacji i nauk pokrewnych. Panel rozpoczyna si\u0119 o godz. 13.00. Po prezentacji panelist\u00f3w odb\u0119d\u0105 si\u0119 ich kr\u00f3tkie wyst\u0105pienia na temat aktualnego stanu wiedzy w zakresie wsp\u00f3\u0142pracy mi\u0119dzynarodowej i osobistej drogi do wsp\u00f3\u0142pracy mi\u0119dzynarodowej. O 14.00 zaplanowano dyskusj\u0119 panelist\u00f3w, a o 14.30 pytania i odpowiedzi.<\/p>\n<p>Do zobaczenia we Wroc\u0142awiu!<\/p>\n<p>W imieniu Komitetu Naukowego i Komitetu Organizacyjnego:<\/p>\n<p>Prof. dr hab. Witold Musia\u0142<\/p>\n<p>&nbsp;<\/p>\n<p><strong>&#8222;PHYSICAL CHEMISTRY AND BIOPHYSICS FOR PHARMACY 2024&#8221;<\/strong><\/p>\n<p>&nbsp;<\/p>\n<p>We cordially invite you to participate in the scientific conference &#8222;Physical chemistry and biophysics for pharmacy&#8221;. The aim of the conference is to enable researchers, including PhD students and students, to discuss the latest, important research achievements in the field of physical chemistry and biophysics in medical and pharmaceutical applications. The meeting topics include: structure and dynamics of macromolecules and biomacromolecules, intermolecular interactions, experimental and theoretical methods in physicochemical and pharmaceutical studies of polymers of natural and synthetic origin. The conference context concerns research and development of new drugs and their carriers, as well as the design of new devices and medical products, appropriate methods of synthesis, analysis and application.<\/p>\n<p>Participants can present the results of their research in the form of posters and lectures. The form of presentation will be determined by the order of applications and the recommendation of the conference&#8217;s Scientific Committee. Personal participation and online participation via the MSTeams platform are possible. Abstracts of lectures and poster presentations will be included in the conference materials. Conference lectures are held in Polish or English, posters are prepared in Polish or English, conference abstracts are prepared in English, the manuscript for Polymers in Medicine is prepared in English.<\/p>\n<p>The conference is located on the campus of the Medical University of Wroc\u0142aw, at ul. Borowska, in the central part of the city, connected to the picturesque heart of Wroc\u0142aw&#8217;s Old Town.<\/p>\n<p>Conference participants are cordially invited to publish, in English, their previously unpublished manuscripts, based on the speeches presented at our conference, in the form of full articles in the journal Polymers in Medicine\/Polimery w Medycynie [ISSN 0370-0747 (print), ISSN 2451-2699 (online), MEiN 2024 score = 70, free printing, link to the magazine: https:\/\/polimery.umw.edu.pl\/en\/home\/]. All articles will be reviewed in accordance with the standard procedure applicable in the journal. When sending your work, please inform us that the topic was presented at the conference &#8222;Physical chemistry and biophysics for pharmacy&#8221;. The deadline for submitting manuscripts is June 30, 2024 (number two of the journal in 2024) or September 30, 2024 (number one of the journal in 2025) &#8211; the conference fee entitles one conference participant to publish two articles as the first author.<\/p>\n<p>Our conference is accompanied by a satellite event &#8211; expert discussion panel regarding international scientific and educational cooperation. Experts will share practical experiences in the area of international cooperation in the field of pharmacy and related sciences. The panel starts at 1:00 p.m. The panelists&#8217; presentation will be followed by short speeches on the current state of knowledge in the field of international cooperation and their personal path to international cooperation. A discussion by panelists is planned at 2:00 p.m., followed by questions and answers at 2:30 p.m.<\/p>\n<p>See you in Wroc\u0142aw!<\/p>\n<p>On behalf of the Scientific Committee and the Organizing Committee:<\/p>\n<p>Prof. Ph.D. Witold Musia\u0142<\/p>\n","protected":false},"excerpt":{"rendered":"<p>\u201eCHEMIA FIZYCZNA I BIOFIZYKA DLA FARMACJI 2024\u201d\u00a0 Serdecznie zapraszamy Pa\u0144stwa do udzia\u0142u w konferencji naukowej \u201eChemia fizyczna i biofizyka dla farmacji\u201d. Celem konferencji jest umo\u017cliwienie badaczom, w tym doktorantom oraz studentom, dyskusji nt. najnowszych, wa\u017cnych osi\u0105gni\u0119\u0107 badawczych w dziedzinie chemii fizycznej i biofizyki w zastosowaniach medycznych i farmaceutycznych. Tematyka spotkania obejmuje m.in. budow\u0119 i dynamik\u0119<\/p>\n<div><a class=\"btn-filled btn\" href=\"https:\/\/konferencje.umw.edu.pl\/konferencjacff2024\/o-konferencji\/\" title=\"O konferencji\">Dowiedz si\u0119 wi\u0119cej<\/a><\/div>\n","protected":false},"author":21,"featured_media":0,"parent":0,"menu_order":0,"comment_status":"closed","ping_status":"closed","template":"","meta":{"footnotes":""},"class_list":["post-254","page","type-page","status-publish","hentry"],"_links":{"self":[{"href":"https:\/\/konferencje.umw.edu.pl\/konferencjacff2024\/wp-json\/wp\/v2\/pages\/254","targetHints":{"allow":["GET"]}}],"collection":[{"href":"https:\/\/konferencje.umw.edu.pl\/konferencjacff2024\/wp-json\/wp\/v2\/pages"}],"about":[{"href":"https:\/\/konferencje.umw.edu.pl\/konferencjacff2024\/wp-json\/wp\/v2\/types\/page"}],"author":[{"embeddable":true,"href":"https:\/\/konferencje.umw.edu.pl\/konferencjacff2024\/wp-json\/wp\/v2\/users\/21"}],"replies":[{"embeddable":true,"href":"https:\/\/konferencje.umw.edu.pl\/konferencjacff2024\/wp-json\/wp\/v2\/comments?post=254"}],"version-history":[{"count":6,"href":"https:\/\/konferencje.umw.edu.pl\/konferencjacff2024\/wp-json\/wp\/v2\/pages\/254\/revisions"}],"predecessor-version":[{"id":369,"href":"https:\/\/konferencje.umw.edu.pl\/konferencjacff2024\/wp-json\/wp\/v2\/pages\/254\/revisions\/369"}],"wp:attachment":[{"href":"https:\/\/konferencje.umw.edu.pl\/konferencjacff2024\/wp-json\/wp\/v2\/media?parent=254"}],"curies":[{"name":"wp","href":"https:\/\/api.w.org\/{rel}","templated":true}]}}