{"id":300,"date":"2023-01-13T08:45:34","date_gmt":"2023-01-13T07:45:34","guid":{"rendered":"https:\/\/konferencje.umw.edu.pl\/medtech\/?page_id=300"},"modified":"2026-01-12T12:29:17","modified_gmt":"2026-01-12T11:29:17","slug":"o-konferencji","status":"publish","type":"page","link":"https:\/\/konferencje.umw.edu.pl\/medtech\/o-konferencji\/","title":{"rendered":"O konferencji"},"content":{"rendered":"<div style=\"color: black\">\n<p style=\"text-align: center\"><span style=\"color: #c40083\"><strong><span style=\"font-family: 'Unica One';font-size: 40px\">MedTech czy TechMed? <\/span><\/strong><\/span><\/p>\n<p style=\"text-align: center\"><strong><span style=\"font-family: 'Unica One';font-size: 40px;color: #c40083\">Driven by AI<\/span><br \/>\n<\/strong><\/p>\n<p><span style=\"font-family: helvetica;font-size: 14px\">\u00a0 \u00a0 \u00a0 \u00a0 \u00a0 <span style=\"font-size: 16px\">\u015awiat technologii jest medycyn\u0105 zafascynowany. Niemal codziennie pojawiaj\u0105 si\u0119 nowe narz\u0119dzia, leki, metody diagnostyczne i terapeutyczne oraz innowacje wp\u0142ywaj\u0105ce na system ochrony zdrowia. Zakres w jakim AI rewolucjonizuje nasze \u017cycie stopniowo wzrasta. \u00a0Dlaczego tak trudno to dostrzec czy odczu\u0107 z perspektywy pacjenta?<\/span><\/span><\/p>\n<p><span style=\"font-family: helvetica;font-size: 16px\">\u00a0 \u00a0 \u00a0 \u00a0 \u00a0 Podobno wsp\u00f3\u0142cze\u015bnie technologicznie mo\u017cliwe jest w zasadzie wszystko. Czy \u015bwiat medyczny jest na to gotowy? Czy jego przedstawiciele dysponuj\u0105 odpowiednimi kompetencjami i\/lub czasem, aby je zdobywa\u0107 i rozszerza\u0107? Kiedy i w jaki spos\u00f3b nale\u017cy zacz\u0105\u0107 kszta\u0142cenie tych kompetencji i w jakim stopniu dotyczy to zada\u0144 uczelni medycznych?<\/span><\/p>\n<p><span style=\"font-family: helvetica;font-size: 16px\">\u00a0 \u00a0 \u00a0 \u00a0 \u00a0 Jednocze\u015bnie rokrocznie pojawiaj\u0105 si\u0119 obszerne raporty i rankingi dotycz\u0105ce dynamicznie rozwijaj\u0105cych si\u0119 startup\u00f3w medtech i\/lub innowacyjnych medycznych wynalazk\u00f3w. Mo\u017cna odnie\u015b\u0107 wra\u017cenie, \u017ce jeste\u015bmy w stanie przebiera\u0107 w rozwi\u0105zaniach. Czy na pewno tak jest? W jakim stopniu maj\u0105 one realny wp\u0142yw na system ochrony zdrowia? Czy te innowacje i rozwi\u0105zania cyfrowe mo\u017cna zauwa\u017cy\u0107 w szpitalu, przychodni, gabinecie lub\u2026 na sali wyk\u0142adowej np. wydzia\u0142\u00f3w lekarskich?<\/span><\/p>\n<p><span style=\"font-family: helvetica;font-size: 16px\">\u00a0 \u00a0 \u00a0 \u00a0 \u00a0 Wszechobecna cyfryzacja ma skutki uboczne, szczeg\u00f3lnie niebezpieczne w kontek\u015bcie nauk medycznych: pojawi\u0142y si\u0119 nowe mo\u017cliwo\u015bci i efektywne techniki wykorzystywane dla szerzenia dezinformacji w obszarze wiedzy o zdrowiu. Jak bardzo jest to zaawansowane i niebezpieczne? Jak z tym walczy\u0107?<\/span><\/p>\n<p><span style=\"font-family: helvetica;font-size: 16px\">\u00a0 \u00a0 \u00a0 \u00a0 \u00a0 Dzi\u015b ju\u017c wiemy, \u017ce sztuczna inteligencja nie zast\u0105pi lekarzy, ale usprawnienia cyfrowe to nadzieja dla tych obszar\u00f3w dzia\u0142alno\u015bci medycyny, kt\u00f3re zmagaj\u0105 si\u0119 z niedoborami kadrowymi i wyzwaniami organizacyjnymi. W tym kontek\u015bcie pojawia si\u0119 wa\u017cne pytanie: kt\u00f3ry obszar pracy lekarza z pacjentem (czyli cz\u0142owieka z cz\u0142owiekiem) mo\u017cna, a kt\u00f3rego nie wolno zast\u0105pi\u0107 rozwi\u0105zaniem cyfrowym?<\/span><\/p>\n<p><span style=\"font-family: helvetica;font-size: 16px\">\u00a0 \u00a0 \u00a0 \u00a0 \u00a0 W czasie kolejnej konferencji MedTech czy TechMed, organizowanej przez Uniwersytet Medyczny we Wroc\u0142awiu \u2013 najlepsz\u0105 polsk\u0105 uczelni\u0119 medyczn\u0105 w \u015bwiatowych rankingach poszukamy odpowiedzi na te pytania.<\/span><\/p>\n<p style=\"text-align: center\"><span style=\"font-family: 'Share Tech Mono';color: #3366ff\">27 listopada 2025 roku spotkamy si\u0119 we Wroc\u0142awiu, by zrozumie\u0107 r\u00f3\u017cne perspektywy <\/span><br \/>\n<span style=\"font-family: 'Share Tech Mono';color: #3366ff\">\u2013 lekarzy, naukowc\u00f3w, przedstawicieli przemys\u0142u, organizator\u00f3w systemu ochrony zdrowia.<\/span><\/p>\n<p style=\"text-align: center\"><span style=\"font-family: 'Unica One';font-size: 40px;color: #c40083\"><strong>Udzia\u0142 w konferencji jest bezp\u0142atny<\/strong><\/span><\/p>\n<p style=\"text-align: center\"><span style=\"font-family: helvetica\">Za udzia\u0142 w konferencji uczestnicy otrzymaj\u0105 3 pkty edukacyjne.<\/span><\/p>\n<p style=\"text-align: center\"><span style=\"font-family: helvetica\">W razie pyta\u0144 prosimy o kontakt e-mail: medtech@umw.edu.pl<\/span><\/p>\n<\/div>\n<p style=\"text-align: center\"><a href=\"https:\/\/konferencje.umw.edu.pl\/medtech\/wp-content\/uploads\/sites\/23\/2026\/01\/MEDTECH_raport-medialny-2025.pdf\">Raport Medtech 2025<\/a><\/p>\n<p style=\"text-align: center\"><span style=\"font-family: helvetica\"><a href=\"https:\/\/konferencje.umw.edu.pl\/medtech\/wp-content\/uploads\/sites\/23\/2024\/12\/raport-Medtech-2.pdf\">Raport Medtech 2024<\/a><\/span><\/p>\n<p style=\"text-align: center\"><span style=\"font-family: helvetica\"><a href=\"https:\/\/konferencje.umw.edu.pl\/medtech\/wp-content\/uploads\/sites\/23\/2024\/12\/Medtech-Report-2024.pdf\">Medtech Report 2024<\/a><\/span><\/p>\n<div style=\"color: black\">\n<p style=\"text-align: center\"><img loading=\"lazy\" decoding=\"async\" class=\"alignnone size-medium wp-image-1206\" src=\"https:\/\/konferencje.umw.edu.pl\/medtech\/wp-content\/uploads\/sites\/23\/2025\/11\/MEDTECH_mozg-300x300.png\" alt=\"\" width=\"300\" height=\"300\" srcset=\"https:\/\/konferencje.umw.edu.pl\/medtech\/wp-content\/uploads\/sites\/23\/2025\/11\/MEDTECH_mozg-300x300.png 300w, https:\/\/konferencje.umw.edu.pl\/medtech\/wp-content\/uploads\/sites\/23\/2025\/11\/MEDTECH_mozg-150x150.png 150w, https:\/\/konferencje.umw.edu.pl\/medtech\/wp-content\/uploads\/sites\/23\/2025\/11\/MEDTECH_mozg-768x768.png 768w, https:\/\/konferencje.umw.edu.pl\/medtech\/wp-content\/uploads\/sites\/23\/2025\/11\/MEDTECH_mozg-116x116.png 116w, https:\/\/konferencje.umw.edu.pl\/medtech\/wp-content\/uploads\/sites\/23\/2025\/11\/MEDTECH_mozg.png 1024w\" sizes=\"auto, (max-width: 300px) 100vw, 300px\" \/><\/p>\n<\/div>\n","protected":false},"excerpt":{"rendered":"<p>MedTech czy TechMed? Driven by AI \u00a0 \u00a0 \u00a0 \u00a0 \u00a0 \u015awiat technologii jest medycyn\u0105 zafascynowany. Niemal codziennie pojawiaj\u0105 si\u0119 nowe narz\u0119dzia, leki, metody diagnostyczne i terapeutyczne oraz innowacje wp\u0142ywaj\u0105ce na system ochrony zdrowia. Zakres w jakim AI rewolucjonizuje nasze \u017cycie stopniowo wzrasta. \u00a0Dlaczego tak trudno to dostrzec czy odczu\u0107 z perspektywy pacjenta? \u00a0 \u00a0<\/p>\n<div><a class=\"btn-filled btn\" href=\"https:\/\/konferencje.umw.edu.pl\/medtech\/o-konferencji\/\" title=\"O konferencji\">Dowiedz si\u0119 wi\u0119cej<\/a><\/div>\n","protected":false},"author":1,"featured_media":0,"parent":0,"menu_order":0,"comment_status":"closed","ping_status":"closed","template":"","meta":{"footnotes":""},"class_list":["post-300","page","type-page","status-publish","hentry"],"_links":{"self":[{"href":"https:\/\/konferencje.umw.edu.pl\/medtech\/wp-json\/wp\/v2\/pages\/300","targetHints":{"allow":["GET"]}}],"collection":[{"href":"https:\/\/konferencje.umw.edu.pl\/medtech\/wp-json\/wp\/v2\/pages"}],"about":[{"href":"https:\/\/konferencje.umw.edu.pl\/medtech\/wp-json\/wp\/v2\/types\/page"}],"author":[{"embeddable":true,"href":"https:\/\/konferencje.umw.edu.pl\/medtech\/wp-json\/wp\/v2\/users\/1"}],"replies":[{"embeddable":true,"href":"https:\/\/konferencje.umw.edu.pl\/medtech\/wp-json\/wp\/v2\/comments?post=300"}],"version-history":[{"count":30,"href":"https:\/\/konferencje.umw.edu.pl\/medtech\/wp-json\/wp\/v2\/pages\/300\/revisions"}],"predecessor-version":[{"id":1263,"href":"https:\/\/konferencje.umw.edu.pl\/medtech\/wp-json\/wp\/v2\/pages\/300\/revisions\/1263"}],"wp:attachment":[{"href":"https:\/\/konferencje.umw.edu.pl\/medtech\/wp-json\/wp\/v2\/media?parent=300"}],"curies":[{"name":"wp","href":"https:\/\/api.w.org\/{rel}","templated":true}]}}