{"id":924,"date":"2025-03-19T12:07:11","date_gmt":"2025-03-19T11:07:11","guid":{"rendered":"https:\/\/konferencje.umw.edu.pl\/medtech\/?page_id=924"},"modified":"2025-03-31T08:56:22","modified_gmt":"2025-03-31T06:56:22","slug":"oferta-sponsorska","status":"publish","type":"page","link":"https:\/\/konferencje.umw.edu.pl\/medtech\/oferta-sponsorska\/","title":{"rendered":"Oferta sponsorska"},"content":{"rendered":"<p>Wi\u0119cej szczeg\u00f3\u0142\u00f3w <a href=\"https:\/\/konferencje.umw.edu.pl\/medtech\/wp-content\/uploads\/sites\/23\/2025\/03\/new-MedTech-2025-oferta.pdf\">tutaj<\/a><\/p>\n","protected":false},"excerpt":{"rendered":"<p>Wi\u0119cej szczeg\u00f3\u0142\u00f3w tutaj<\/p>\n","protected":false},"author":21,"featured_media":0,"parent":0,"menu_order":0,"comment_status":"closed","ping_status":"closed","template":"","meta":{"footnotes":""},"class_list":["post-924","page","type-page","status-publish","hentry"],"_links":{"self":[{"href":"https:\/\/konferencje.umw.edu.pl\/medtech\/wp-json\/wp\/v2\/pages\/924","targetHints":{"allow":["GET"]}}],"collection":[{"href":"https:\/\/konferencje.umw.edu.pl\/medtech\/wp-json\/wp\/v2\/pages"}],"about":[{"href":"https:\/\/konferencje.umw.edu.pl\/medtech\/wp-json\/wp\/v2\/types\/page"}],"author":[{"embeddable":true,"href":"https:\/\/konferencje.umw.edu.pl\/medtech\/wp-json\/wp\/v2\/users\/21"}],"replies":[{"embeddable":true,"href":"https:\/\/konferencje.umw.edu.pl\/medtech\/wp-json\/wp\/v2\/comments?post=924"}],"version-history":[{"count":4,"href":"https:\/\/konferencje.umw.edu.pl\/medtech\/wp-json\/wp\/v2\/pages\/924\/revisions"}],"predecessor-version":[{"id":953,"href":"https:\/\/konferencje.umw.edu.pl\/medtech\/wp-json\/wp\/v2\/pages\/924\/revisions\/953"}],"wp:attachment":[{"href":"https:\/\/konferencje.umw.edu.pl\/medtech\/wp-json\/wp\/v2\/media?parent=924"}],"curies":[{"name":"wp","href":"https:\/\/api.w.org\/{rel}","templated":true}]}}