{"id":538,"date":"2023-03-06T07:29:00","date_gmt":"2023-03-06T06:29:00","guid":{"rendered":"https:\/\/konferencje.umw.edu.pl\/nowoczesnaedukacja\/?page_id=538"},"modified":"2023-03-06T07:36:05","modified_gmt":"2023-03-06T06:36:05","slug":"informacje-dla-sponsorow","status":"publish","type":"page","link":"https:\/\/konferencje.umw.edu.pl\/nowoczesnaedukacja\/informacje-dla-sponsorow\/","title":{"rendered":"Informacja dla sponsor\u00f3w"},"content":{"rendered":"<div style=\"color: black;\">\n<p>Rosn\u0105ce oczekiwania spo\u0142eczne i wymagania dla skutecznej i nowoczesnej ochrony zdrowia, powoduj\u0105, \u017ce jako\u015b\u0107 kszta\u0142cenia medycznego znakomicie zyskuje na znaczeniu. Niedob\u00f3r kadr medycznych staje si\u0119 krytycznym wyzwaniem dla funkcjonowania systemu ochrony zdrowia.<\/p>\n<p>Konferencja Rektor\u00f3w Akademickich Uczelni Medycznych, w odpowiedzi na te wyzwania, rozpoczyna prace nad rekomendacjami i list\u0105 dobrych praktyk, kt\u00f3re pozwol\u0105 na wdro\u017cenie odpowiednich dzia\u0142a\u0144 dla zapewnienia jako\u015bci proces\u00f3w kszta\u0142cenia na kierunkach medycznych.<\/p>\n<p>21 kwietnia 2023 r. w Auli Uniwersytetu Medycznego we Wroc\u0142awiu odb\u0119dzie si\u0119 konferencja:<br \/>\n\u201eNowoczesna edukacja medyczna odpowiedzi\u0105 na potrzeby zdrowotne spo\u0142ecze\u0144stwa\u201d.<\/p>\n<p>Uprzejmie zapraszamy do udzia\u0142u w tym wydarzeniu oraz prosimy o wsparcie finansowe dla pokrycia koszt\u00f3w organizacji konferencji.<\/p>\n<p>Przewidujemy udzia\u0142 oko\u0142o 300 os\u00f3b. Zaproszenie skierowali\u015bmy do Ministra Zdrowia, Ministra Edukacji i Nauki, Polskiej Komisji Akredytacyjnej, przedstawicieli uczelni, samorz\u0105d\u00f3w zawod\u00f3w medycznych, samorz\u0105d\u00f3w studenckich, towarzystw naukowych i organizacji pacjent\u00f3w.<\/p>\n<p>Planujemy panelowe dyskusje i wsp\u00f3ln\u0105 debat\u0119 odno\u015bnie nowych standard\u00f3w kszta\u0142cenia w zawodach medycznych, wykorzystania nowych technologii i innowacyjnych sposob\u00f3w nauczania oraz w\u0142a\u015bciwej komunikacji i podej\u015bcia interdyscyplinarnego, gwarantuj\u0105cych odpowiedni\u0105 jako\u015b\u0107 edukacji student\u00f3w.<\/p>\n<p>Planowana przez nas konferencja b\u0119dzie wydarzeniem dla naszego \u015brodowiska niezwykle istotnym. Zach\u0119camy Pa\u0144stwa do zaanga\u017cowanie w nie i tym samym wzi\u0119cia udzia\u0142u w procesie zmian, kt\u00f3re b\u0119d\u0105 mia\u0142y kluczowe znaczenie dla systemu ochrony zdrowia.<\/p>\n<p>Przewidujemy zr\u00f3\u017cnicowan\u0105 mo\u017cliwo\u015b\u0107 zaanga\u017cowania:<\/p>\n<ol>\n<li>Partner \/ Sponsor Strategiczny 25k PLN (udzia\u0142 3 przedstawicieli firmy, stoisko firmowe, informacja w materia\u0142ach konferencyjnych i na stronie wydarzenia oraz w przerwach mi\u0119dzy panelami)<\/li>\n<li>Partner \/ Sponsor Wydarzenia 10k PLN (udzia\u0142 2 przedstawicieli firmy, informacja w materia\u0142ach konferencyjnych i na stronie wydarzenia oraz w przerwach mi\u0119dzy panelami).<\/li>\n<\/ol>\n<p>Prosimy o kontakt pod adresem <a href=\"mailto:konferencjakraum@umw.edu.pl\">konferencjakraum@umw.edu.pl<\/a><\/p>\n<\/div>\n","protected":false},"excerpt":{"rendered":"<p>Rosn\u0105ce oczekiwania spo\u0142eczne i wymagania dla skutecznej i nowoczesnej ochrony zdrowia, powoduj\u0105, \u017ce jako\u015b\u0107 kszta\u0142cenia medycznego znakomicie zyskuje na znaczeniu. Niedob\u00f3r kadr medycznych staje si\u0119 krytycznym wyzwaniem dla funkcjonowania systemu ochrony zdrowia. Konferencja Rektor\u00f3w Akademickich Uczelni Medycznych, w odpowiedzi na te wyzwania, rozpoczyna prace nad rekomendacjami i list\u0105 dobrych praktyk, kt\u00f3re pozwol\u0105 na wdro\u017cenie odpowiednich<\/p>\n<div><a class=\"btn-filled btn\" href=\"https:\/\/konferencje.umw.edu.pl\/nowoczesnaedukacja\/informacje-dla-sponsorow\/\" title=\"Informacja dla sponsor\u00f3w\">Dowiedz si\u0119 wi\u0119cej<\/a><\/div>\n","protected":false},"author":1,"featured_media":0,"parent":0,"menu_order":0,"comment_status":"closed","ping_status":"closed","template":"","meta":{"footnotes":""},"class_list":["post-538","page","type-page","status-publish","hentry"],"_links":{"self":[{"href":"https:\/\/konferencje.umw.edu.pl\/nowoczesnaedukacja\/wp-json\/wp\/v2\/pages\/538","targetHints":{"allow":["GET"]}}],"collection":[{"href":"https:\/\/konferencje.umw.edu.pl\/nowoczesnaedukacja\/wp-json\/wp\/v2\/pages"}],"about":[{"href":"https:\/\/konferencje.umw.edu.pl\/nowoczesnaedukacja\/wp-json\/wp\/v2\/types\/page"}],"author":[{"embeddable":true,"href":"https:\/\/konferencje.umw.edu.pl\/nowoczesnaedukacja\/wp-json\/wp\/v2\/users\/1"}],"replies":[{"embeddable":true,"href":"https:\/\/konferencje.umw.edu.pl\/nowoczesnaedukacja\/wp-json\/wp\/v2\/comments?post=538"}],"version-history":[{"count":2,"href":"https:\/\/konferencje.umw.edu.pl\/nowoczesnaedukacja\/wp-json\/wp\/v2\/pages\/538\/revisions"}],"predecessor-version":[{"id":547,"href":"https:\/\/konferencje.umw.edu.pl\/nowoczesnaedukacja\/wp-json\/wp\/v2\/pages\/538\/revisions\/547"}],"wp:attachment":[{"href":"https:\/\/konferencje.umw.edu.pl\/nowoczesnaedukacja\/wp-json\/wp\/v2\/media?parent=538"}],"curies":[{"name":"wp","href":"https:\/\/api.w.org\/{rel}","templated":true}]}}