{"id":2,"date":"2018-10-12T12:56:59","date_gmt":"2018-10-12T10:56:59","guid":{"rendered":"https:\/\/www.konferencje.umed.wroc.pl\/mentoring\/?page_id=2"},"modified":"2026-01-15T08:57:52","modified_gmt":"2026-01-15T07:57:52","slug":"rodo","status":"publish","type":"page","link":"https:\/\/konferencje.umw.edu.pl\/oncosphere\/rodo\/","title":{"rendered":"DANE OSOBOWE"},"content":{"rendered":"<p style=\"font-weight: 400\"><strong>Klauzula informacyjna dotycz\u0105ca przetwarzania danych osobowych na potrzeby organizacji konferencji \u201eOncosphere: przysz\u0142o\u015b\u0107 leczenia nowotwor\u00f3w\u201d<\/strong><\/p>\n<p style=\"font-weight: 400\">Zgodnie z art. 13 Rozporz\u0105dzenia Parlamentu Europejskiego i Rady (UE) 2016\/679 z dnia 27 kwietnia 2016 r. (RODO) informujemy, \u017ce:<\/p>\n<ol style=\"font-weight: 400\">\n<li>Administratorem Pani\/Pana danych osobowych zawartych w formularzu zg\u0142oszeniowym jest\u00a0<strong>Uniwersytet Medyczny im. Piast\u00f3w \u015al\u0105skich we Wroc\u0142awiu<\/strong>, z siedzib\u0105 przy Wybrze\u017cu Pasteura 1, 50-367 Wroc\u0142aw, reprezentowany przez Rektora.<\/li>\n<li>Administrator wyznaczy\u0142\u00a0<strong>Inspektora Ochrony Danych<\/strong>, z kt\u00f3rym mo\u017cna kontaktowa\u0107 si\u0119 pod adresem e-mail:\u00a0iod@umw.edu.pl\u00a0w sprawach dotycz\u0105cych przetwarzania danych osobowych.<\/li>\n<li>Pani\/Pana dane osobowe b\u0119d\u0105 przetwarzane w celu organizacji\u00a0studenckiej konferencji stacjonarnej \u201eOncoSphere: Przysz\u0142o\u015b\u0107 leczenia nowotwor\u00f3w\u201d, w tym w szczeg\u00f3lno\u015bci:\n<ul>\n<li>rejestracji uczestnik\u00f3w,<\/li>\n<li>kontaktu w sprawach organizacyjnych konferencji,<\/li>\n<li>przygotowania materia\u0142\u00f3w konferencyjnych i identyfikacyjnych,<\/li>\n<li>przygotowania i wydania\u00a0ksi\u0105\u017cki abstrakt\u00f3w\u00a0z prac zg\u0142oszonych na konferencj\u0119.<\/li>\n<\/ul>\n<\/li>\n<li>Podstaw\u0105 prawn\u0105 przetwarzania danych osobowych jest\u00a0art. 6 ust. 1 lit. e) RODO\u00a0w zwi\u0105zku z\u00a0Ustaw\u0105 z dnia 20 lipca 2018 r. Prawo o szkolnictwie wy\u017cszym i nauce, tj. niezb\u0119dno\u015b\u0107 przetwarzania do realizacji zada\u0144 w interesie publicznym, takich jak dzia\u0142alno\u015b\u0107 naukowa, edukacja student\u00f3w oraz rozw\u00f3j innowacji w medycynie.<\/li>\n<li>Administrator mo\u017ce\u00a0udost\u0119pni\u0107 Pani\/Pana dane osobowe wydawnictwu, kt\u00f3re zajmie si\u0119 przygotowaniem i publikacj\u0105 ksi\u0105\u017cki abstrakt\u00f3w, wy\u0142\u0105cznie w zakresie niezb\u0119dnym do realizacji tego celu.<\/li>\n<li>Administrator mo\u017ce powierzy\u0107 przetwarzanie danych osobowych podmiotom trzecim (np. dostawcom us\u0142ug IT) na podstawie pisemnej umowy, zachowuj\u0105c odpowiedzialno\u015b\u0107 za prawid\u0142owe przetwarzanie.<\/li>\n<li>Dane osobowe b\u0119d\u0105 przechowywane przez czas niezb\u0119dny do realizacji cel\u00f3w konferencji, jednak nie d\u0142u\u017cej ni\u017c\u00a060 dni od zako\u0144czenia wydarzenia.<\/li>\n<li>Przys\u0142uguj\u0105 Pani\/Panu prawa wynikaj\u0105ce z RODO, w tym:\n<ul>\n<li>dost\u0119p do danych (art. 15),<\/li>\n<li>sprostowanie danych (art. 16),<\/li>\n<li>usuni\u0119cie danych (art. 17),<\/li>\n<li>ograniczenie przetwarzania (art. 18),<\/li>\n<li>sprzeciw wobec przetwarzania (art. 21),<\/li>\n<li>przenoszenie danych (art. 20),<\/li>\n<li>wniesienie skargi do Prezesa Urz\u0119du Ochrony Danych Osobowych w przypadku podejrzenia naruszenia prawa.<\/li>\n<\/ul>\n<\/li>\n<li>Podanie danych jest\u00a0dobrowolne, ale\u00a0niezb\u0119dne do udzia\u0142u w konferencji. Brak danych uniemo\u017cliwia rejestracj\u0119 i uczestnictwo.<\/li>\n<li>Dane osobowe\u00a0nie b\u0119d\u0105 przetwarzane w spos\u00f3b zautomatyzowany, w tym nie b\u0119d\u0105 u\u017cywane do profilowania uczestnik\u00f3w konferencji.<\/li>\n<\/ol>\n<div>\n<p class=\"Standard\" style=\"text-align: left\" align=\"center\"><b>O\u015bwiadczenie<\/b> <b>o wyra\u017ceniu zgody na rozpowszechnianie wizerunku<\/b><\/p>\n<p>Wyra\u017cam zgod\u0119 zgody na nieodp\u0142atne rozpowszechnianie mojego wizerunku, utrwalonych na zdj\u0119ciach podczas konferencji OncoSphere: Przysz\u0142o\u015b\u0107 leczenia nowotwor\u00f3w 2026, organizowanej przez Uniwersytet Medyczny im. Piast\u00f3w \u015al\u0105skich we Wroc\u0142awiu z siedzib\u0105 przy Wybrze\u017cu Pasteura 1, w celu publikacji materia\u0142\u00f3w informacyjnych.<\/p>\n<p style=\"font-weight: 400\">Przyjmuj\u0119 do wiadomo\u015bci, \u017ce rozpowszechnianie mojego wizerunku mo\u017ce polega\u0107 na jego opublikowaniu w mediach elektronicznych w szczeg\u00f3lno\u015bci na stronach internetowych i portalach spo\u0142eczno\u015bciowych przez czas nieokre\u015blony od wyra\u017cenia niniejszej zgody.<\/p>\n<p style=\"font-weight: 400\">Zosta\u0142em poinformowany, \u017ce przys\u0142uguje mi prawo do odwo\u0142ania zgody w ka\u017cdym czasie poprzez przes\u0142anie o\u015bwiadczenia o wycofaniu zgody na adres e-mail iod@umw.edu.pl. W takim wypadku, bior\u0105c pod uwag\u0119 dost\u0119pne technologie oraz koszty realizacji, Uniwersytet podejmie rozs\u0105dne dzia\u0142ania, w tym \u015brodki techniczne, aby usun\u0105\u0107 przetwarzane w ramach niniejszego o\u015bwiadczenia dane, o ile b\u0119dzie to mo\u017cliwe. Wycofanie zgody pozostaje bez wp\u0142ywu na zgodno\u015b\u0107 z prawem przetwarzania, kt\u00f3rego dokonano na podstawie zgody przed jej cofni\u0119ciem.<\/p>\n<p style=\"font-weight: 400\">Jednocze\u015bnie, przyjmuj\u0119 do wiadomo\u015bci, \u017ce<\/p>\n<ol>\n<li>Administratorem moich danych osobowych, w szczeg\u00f3lno\u015bci wizerunku i g\u0142osu jest Uniwersytet Medyczny im. Piast\u00f3w \u015al\u0105skich we Wroc\u0142awiu z siedzib\u0105 przy Wybrze\u017cu Pasteura 1, 50-367 Wroc\u0142aw, reprezentowany przez Rektora. Administrator wyznaczy\u0142 Inspektora Ochrony Danych, z kt\u00f3rym mo\u017cna kontaktowa\u0107 si\u0119 w sprawach dotycz\u0105cych przetwarzania danych osobowych pod adresem e-mail: iod@umw.edu.pl.<\/li>\n<li>Dane osobowe przetwarzane b\u0119d\u0105 w celach informacyjnych\u00a0na podstawie 6 ust. 1 lit. a rozporz\u0105dzenia Parlamentu Europejskiego i Rady (UE) 2016\/679 z dnia 27 kwietnia 2016 r. w sprawie ochrony os\u00f3b fizycznych w zwi\u0105zku z przetwarzaniem danych osobowych i w sprawie swobodnego przep\u0142ywu takich danych oraz uchylenia dyrektywy 95\/46\/WE (Dz. U. UE. L. z 2016 r. Nr 119) oraz art. 81 ustawy z dnia 4 lutego 1994 r. o prawie autorskim i prawach pokrewnych, tj. na podstawie wyra\u017conej przez mnie zgody. Dane mog\u0105 by\u0107 tak\u017ce przetwarzane w celu ewentualnego dochodzenia lub obrony przed roszczeniami na podstawie prawnie uzasadnionego interesu administratora (art. 6 ust. 1 lit f RODO).<\/li>\n<li>Wskazane dane osobowe b\u0119d\u0105 dost\u0119pne publicznie w wy\u017cej wymienionych mediach.<\/li>\n<li>Administrator mo\u017ce powierzy\u0107 innemu podmiotowi, w drodze umowy zawartej na pi\u015bmie, przetwarzanie danych osobowych w imieniu Administratora, w szczeg\u00f3lno\u015bci dostawcom us\u0142ug IT.<\/li>\n<li>Administrator b\u0119dzie przechowywa\u0142 dane osobowe przez okres niezb\u0119dny do realizacji cel\u00f3w przetwarzania lub do czasu wycofania przeze mnie zgody, z zastrze\u017ceniem postanowie\u0144 niniejszego o\u015bwiadczenia.<\/li>\n<li>W przypadkach, na zasadach i w trybie okre\u015blonym w obowi\u0105zuj\u0105cych przepisach osobom, kt\u00f3rych dane dotycz\u0105 przys\u0142uguje prawo do \u017c\u0105dania: dost\u0119pu do tre\u015bci danych oraz ich sprostowania (art. 15 i 16 RODO), usuni\u0119cia danych (art. 17 RODO), ograniczenia przetwarzania (art. 18 RODO), wniesienia sprzeciwu wobec przetwarzania (art. 21 RODO), przenoszenia danych (art. 20 RODO) oraz prawo wniesienia skargi do organu nadzorczego \u2013 Prezesa Urz\u0119du Ochrony Danych Osobowych, w przypadku podejrzenia, \u017ce dane osobowe s\u0105 przetwarzane przez Administratora z naruszeniem przepis\u00f3w prawa.<\/li>\n<li>Podanie danych osobowych nie jest obowi\u0105zkowe, jednak\u017ce konieczne dla potrzeb ich publikacji. Odmowa podania danych b\u0119dzie skutkowa\u0142a brakiem mo\u017cliwo\u015bci udostepnienia materia\u0142u filmowego\/zdj\u0119\u0107 przez Administratora.<\/li>\n<\/ol>\n<p><span style=\"font-weight: 400\">Podane dane osobowe nie podlegaj\u0105 zautomatyzowanemu podejmowaniu decyzji, w tym profilowaniu, o kt\u00f3rym mowa w art. 4 pkt 4) RODO.<\/span><\/p>\n<\/div>\n","protected":false},"excerpt":{"rendered":"<p>Klauzula informacyjna dotycz\u0105ca przetwarzania danych osobowych na potrzeby organizacji konferencji \u201eOncosphere: przysz\u0142o\u015b\u0107 leczenia nowotwor\u00f3w\u201d Zgodnie z art. 13 Rozporz\u0105dzenia Parlamentu Europejskiego i Rady (UE) 2016\/679 z dnia 27 kwietnia 2016 r. (RODO) informujemy, \u017ce: Administratorem Pani\/Pana danych osobowych zawartych w formularzu zg\u0142oszeniowym jest\u00a0Uniwersytet Medyczny im. Piast\u00f3w \u015al\u0105skich we Wroc\u0142awiu, z siedzib\u0105 przy Wybrze\u017cu Pasteura 1,<\/p>\n<div><a class=\"btn-filled btn\" href=\"https:\/\/konferencje.umw.edu.pl\/oncosphere\/rodo\/\" title=\"DANE OSOBOWE\">Dowiedz si\u0119 wi\u0119cej<\/a><\/div>\n","protected":false},"author":1,"featured_media":0,"parent":0,"menu_order":0,"comment_status":"closed","ping_status":"closed","template":"","meta":{"footnotes":""},"class_list":["post-2","page","type-page","status-publish","hentry"],"_links":{"self":[{"href":"https:\/\/konferencje.umw.edu.pl\/oncosphere\/wp-json\/wp\/v2\/pages\/2","targetHints":{"allow":["GET"]}}],"collection":[{"href":"https:\/\/konferencje.umw.edu.pl\/oncosphere\/wp-json\/wp\/v2\/pages"}],"about":[{"href":"https:\/\/konferencje.umw.edu.pl\/oncosphere\/wp-json\/wp\/v2\/types\/page"}],"author":[{"embeddable":true,"href":"https:\/\/konferencje.umw.edu.pl\/oncosphere\/wp-json\/wp\/v2\/users\/1"}],"replies":[{"embeddable":true,"href":"https:\/\/konferencje.umw.edu.pl\/oncosphere\/wp-json\/wp\/v2\/comments?post=2"}],"version-history":[{"count":8,"href":"https:\/\/konferencje.umw.edu.pl\/oncosphere\/wp-json\/wp\/v2\/pages\/2\/revisions"}],"predecessor-version":[{"id":655,"href":"https:\/\/konferencje.umw.edu.pl\/oncosphere\/wp-json\/wp\/v2\/pages\/2\/revisions\/655"}],"wp:attachment":[{"href":"https:\/\/konferencje.umw.edu.pl\/oncosphere\/wp-json\/wp\/v2\/media?parent=2"}],"curies":[{"name":"wp","href":"https:\/\/api.w.org\/{rel}","templated":true}]}}