{"id":241,"date":"2024-04-24T09:52:58","date_gmt":"2024-04-24T07:52:58","guid":{"rendered":"https:\/\/konferencje.umw.edu.pl\/oncosphere\/?page_id=241"},"modified":"2026-01-10T13:48:24","modified_gmt":"2026-01-10T12:48:24","slug":"program","status":"publish","type":"page","link":"https:\/\/konferencje.umw.edu.pl\/oncosphere\/program\/","title":{"rendered":"PROGRAM"},"content":{"rendered":"\r\n<p style=\"font-weight: 400\">Szczeg\u00f3\u0142owy program konferencji <em>OncoSphere: przysz\u0142o\u015b\u0107 leczenia nowotwor\u00f3w<\/em> zostanie opublikowany po zako\u0144czeniu procesu recenzyjnego i kwalifikacji prac naukowych. Uk\u0142ad sesji, kolejno\u015b\u0107 wyst\u0105pie\u0144 oraz forma prezentacji zostan\u0105 ustalone na podstawie ocen Komitetu Naukowego.<\/p>\r\n","protected":false},"excerpt":{"rendered":"<p>Szczeg\u00f3\u0142owy program konferencji OncoSphere: przysz\u0142o\u015b\u0107 leczenia nowotwor\u00f3w zostanie opublikowany po zako\u0144czeniu procesu recenzyjnego i kwalifikacji prac naukowych. Uk\u0142ad sesji, kolejno\u015b\u0107 wyst\u0105pie\u0144 oraz forma prezentacji zostan\u0105 ustalone na podstawie ocen Komitetu Naukowego.<\/p>\n","protected":false},"author":1,"featured_media":0,"parent":0,"menu_order":0,"comment_status":"closed","ping_status":"closed","template":"","meta":{"footnotes":""},"class_list":["post-241","page","type-page","status-publish","hentry"],"_links":{"self":[{"href":"https:\/\/konferencje.umw.edu.pl\/oncosphere\/wp-json\/wp\/v2\/pages\/241","targetHints":{"allow":["GET"]}}],"collection":[{"href":"https:\/\/konferencje.umw.edu.pl\/oncosphere\/wp-json\/wp\/v2\/pages"}],"about":[{"href":"https:\/\/konferencje.umw.edu.pl\/oncosphere\/wp-json\/wp\/v2\/types\/page"}],"author":[{"embeddable":true,"href":"https:\/\/konferencje.umw.edu.pl\/oncosphere\/wp-json\/wp\/v2\/users\/1"}],"replies":[{"embeddable":true,"href":"https:\/\/konferencje.umw.edu.pl\/oncosphere\/wp-json\/wp\/v2\/comments?post=241"}],"version-history":[{"count":39,"href":"https:\/\/konferencje.umw.edu.pl\/oncosphere\/wp-json\/wp\/v2\/pages\/241\/revisions"}],"predecessor-version":[{"id":586,"href":"https:\/\/konferencje.umw.edu.pl\/oncosphere\/wp-json\/wp\/v2\/pages\/241\/revisions\/586"}],"wp:attachment":[{"href":"https:\/\/konferencje.umw.edu.pl\/oncosphere\/wp-json\/wp\/v2\/media?parent=241"}],"curies":[{"name":"wp","href":"https:\/\/api.w.org\/{rel}","templated":true}]}}