{"id":1666,"date":"2025-03-20T19:21:57","date_gmt":"2025-03-20T18:21:57","guid":{"rendered":"https:\/\/konferencje.umw.edu.pl\/psewroclaw2025\/wp-content\/uploads\/sites\/25\/2025\/03\/Maria-Jose-Umbelino-Ferreira.jpg"},"modified":"2025-03-20T19:22:50","modified_gmt":"2025-03-20T18:22:50","slug":"maria-jose-umbelino-ferreira","status":"inherit","type":"attachment","link":"https:\/\/konferencje.umw.edu.pl\/psewroclaw2025\/honorary-lectures\/maria-jose-umbelino-ferreira\/","title":{"rendered":"Maria Jos\u00e9 Umbelino Ferreira"},"author":25,"featured_media":0,"comment_status":"closed","ping_status":"closed","template":"","meta":[],"class_list":["post-1666","attachment","type-attachment","status-inherit","hentry"],"description":{"rendered":"<p class=\"attachment\"><a href='https:\/\/konferencje.umw.edu.pl\/psewroclaw2025\/wp-content\/uploads\/sites\/25\/2025\/03\/Maria-Jose-Umbelino-Ferreira.jpg'><img loading=\"lazy\" decoding=\"async\" width=\"300\" height=\"300\" src=\"https:\/\/konferencje.umw.edu.pl\/psewroclaw2025\/wp-content\/uploads\/sites\/25\/2025\/03\/Maria-Jose-Umbelino-Ferreira.jpg\" class=\"attachment-medium size-medium\" alt=\"\" srcset=\"https:\/\/konferencje.umw.edu.pl\/psewroclaw2025\/wp-content\/uploads\/sites\/25\/2025\/03\/Maria-Jose-Umbelino-Ferreira.jpg 300w, https:\/\/konferencje.umw.edu.pl\/psewroclaw2025\/wp-content\/uploads\/sites\/25\/2025\/03\/Maria-Jose-Umbelino-Ferreira-150x150.jpg 150w, https:\/\/konferencje.umw.edu.pl\/psewroclaw2025\/wp-content\/uploads\/sites\/25\/2025\/03\/Maria-Jose-Umbelino-Ferreira-116x116.jpg 116w\" sizes=\"auto, (max-width: 300px) 100vw, 300px\" \/><\/a><\/p>\n<p>Maria Jos\u00e9 Umbelino Ferreira (Instituto de Investiga\u00e7\u00e3o do Medicamento, Portugal) <\/p>\n"},"caption":{"rendered":"<p>Maria Jos\u00e9 Umbelino Ferreira (Instituto de Investiga\u00e7\u00e3o do Medicamento, Portugal) <\/p>\n"},"alt_text":"","media_type":"image","mime_type":"image\/jpeg","media_details":{"width":300,"height":300,"file":"2025\/03\/Maria-Jose-Umbelino-Ferreira.jpg","filesize":17222,"sizes":{"thumbnail":{"file":"Maria-Jose-Umbelino-Ferreira-150x150.jpg","width":150,"height":150,"filesize":5520,"mime_type":"image\/jpeg","source_url":"https:\/\/konferencje.umw.edu.pl\/psewroclaw2025\/wp-content\/uploads\/sites\/25\/2025\/03\/Maria-Jose-Umbelino-Ferreira-150x150.jpg"},"form-edit-image-preview":{"file":"Maria-Jose-Umbelino-Ferreira-116x116.jpg","width":116,"height":116,"filesize":4017,"mime_type":"image\/jpeg","source_url":"https:\/\/konferencje.umw.edu.pl\/psewroclaw2025\/wp-content\/uploads\/sites\/25\/2025\/03\/Maria-Jose-Umbelino-Ferreira-116x116.jpg"},"full":{"file":"Maria-Jose-Umbelino-Ferreira.jpg","width":300,"height":300,"mime_type":"image\/jpeg","source_url":"https:\/\/konferencje.umw.edu.pl\/psewroclaw2025\/wp-content\/uploads\/sites\/25\/2025\/03\/Maria-Jose-Umbelino-Ferreira.jpg"}},"image_meta":{"aperture":"0","credit":"","camera":"","caption":"","created_timestamp":"0","copyright":"","focal_length":"0","iso":"0","shutter_speed":"0","title":"","orientation":"0","keywords":[]}},"post":1657,"source_url":"https:\/\/konferencje.umw.edu.pl\/psewroclaw2025\/wp-content\/uploads\/sites\/25\/2025\/03\/Maria-Jose-Umbelino-Ferreira.jpg","_links":{"self":[{"href":"https:\/\/konferencje.umw.edu.pl\/psewroclaw2025\/wp-json\/wp\/v2\/media\/1666","targetHints":{"allow":["GET"]}}],"collection":[{"href":"https:\/\/konferencje.umw.edu.pl\/psewroclaw2025\/wp-json\/wp\/v2\/media"}],"about":[{"href":"https:\/\/konferencje.umw.edu.pl\/psewroclaw2025\/wp-json\/wp\/v2\/types\/attachment"}],"author":[{"embeddable":true,"href":"https:\/\/konferencje.umw.edu.pl\/psewroclaw2025\/wp-json\/wp\/v2\/users\/25"}]}}

Maria José Umbelino Ferreira

<p class="attachment"><a href='https://konferencje.umw.edu.pl/psewroclaw2025/wp-content/uploads/sites/25/2025/03/Maria-Jose-Umbelino-Ferreira.jpg'><img loading="lazy" decoding="async" width="300" height="300" src="https://konferencje.umw.edu.pl/psewroclaw2025/wp-content/uploads/sites/25/2025/03/Maria-Jose-Umbelino-Ferreira.jpg" class="attachment-medium size-medium" alt="" srcset="https://konferencje.umw.edu.pl/psewroclaw2025/wp-content/uploads/sites/25/2025/03/Maria-Jose-Umbelino-Ferreira.jpg 300w, https://konferencje.umw.edu.pl/psewroclaw2025/wp-content/uploads/sites/25/2025/03/Maria-Jose-Umbelino-Ferreira-150x150.jpg 150w, https://konferencje.umw.edu.pl/psewroclaw2025/wp-content/uploads/sites/25/2025/03/Maria-Jose-Umbelino-Ferreira-116x116.jpg 116w" sizes="auto, (max-width: 300px) 100vw, 300px" /></a></p>
<p>Maria José Umbelino Ferreira (Instituto de Investigação do Medicamento, Portugal) </p>

<p>Maria José Umbelino Ferreira (Instituto de Investigação do Medicamento, Portugal) </p>
