{"id":1692,"date":"2025-04-03T11:53:08","date_gmt":"2025-04-03T09:53:08","guid":{"rendered":"https:\/\/konferencje.umw.edu.pl\/psewroclaw2025\/wp-content\/uploads\/sites\/25\/2025\/04\/heribert_warzecha_small-2.jpg"},"modified":"2025-04-03T11:53:29","modified_gmt":"2025-04-03T09:53:29","slug":"dr-maike-saul-tu-darmstadt","status":"inherit","type":"attachment","link":"https:\/\/konferencje.umw.edu.pl\/psewroclaw2025\/honorary-lectures\/dr-maike-saul-tu-darmstadt\/","title":{"rendered":"Dr. Maike Saul, Tu darmstadt"},"author":25,"featured_media":0,"comment_status":"closed","ping_status":"closed","template":"","meta":[],"class_list":["post-1692","attachment","type-attachment","status-inherit","hentry"],"description":{"rendered":"<p class=\"attachment\"><a href='https:\/\/konferencje.umw.edu.pl\/psewroclaw2025\/wp-content\/uploads\/sites\/25\/2025\/04\/heribert_warzecha_small-2-scaled.jpg'><img loading=\"lazy\" decoding=\"async\" width=\"225\" height=\"300\" src=\"https:\/\/konferencje.umw.edu.pl\/psewroclaw2025\/wp-content\/uploads\/sites\/25\/2025\/04\/heribert_warzecha_small-2-225x300.jpg\" class=\"attachment-medium size-medium\" alt=\"\" srcset=\"https:\/\/konferencje.umw.edu.pl\/psewroclaw2025\/wp-content\/uploads\/sites\/25\/2025\/04\/heribert_warzecha_small-2-225x300.jpg 225w, https:\/\/konferencje.umw.edu.pl\/psewroclaw2025\/wp-content\/uploads\/sites\/25\/2025\/04\/heribert_warzecha_small-2-768x1024.jpg 768w, https:\/\/konferencje.umw.edu.pl\/psewroclaw2025\/wp-content\/uploads\/sites\/25\/2025\/04\/heribert_warzecha_small-2-1152x1536.jpg 1152w, https:\/\/konferencje.umw.edu.pl\/psewroclaw2025\/wp-content\/uploads\/sites\/25\/2025\/04\/heribert_warzecha_small-2-1536x2048.jpg 1536w, https:\/\/konferencje.umw.edu.pl\/psewroclaw2025\/wp-content\/uploads\/sites\/25\/2025\/04\/heribert_warzecha_small-2-87x116.jpg 87w, https:\/\/konferencje.umw.edu.pl\/psewroclaw2025\/wp-content\/uploads\/sites\/25\/2025\/04\/heribert_warzecha_small-2-scaled.jpg 1920w\" sizes=\"auto, (max-width: 225px) 100vw, 225px\" \/><\/a><\/p>\n"},"caption":{"rendered":"<p>Heribert Warzecha (Technical University of Darmstadt, Germany)<\/p>\n"},"alt_text":"","media_type":"image","mime_type":"image\/jpeg","media_details":{"width":1920,"height":2560,"file":"2025\/04\/heribert_warzecha_small-2-scaled.jpg","filesize":274026,"sizes":{"medium":{"file":"heribert_warzecha_small-2-225x300.jpg","width":225,"height":300,"filesize":8634,"mime_type":"image\/jpeg","source_url":"https:\/\/konferencje.umw.edu.pl\/psewroclaw2025\/wp-content\/uploads\/sites\/25\/2025\/04\/heribert_warzecha_small-2-225x300.jpg"},"large":{"file":"heribert_warzecha_small-2-768x1024.jpg","width":768,"height":1024,"filesize":54548,"mime_type":"image\/jpeg","source_url":"https:\/\/konferencje.umw.edu.pl\/psewroclaw2025\/wp-content\/uploads\/sites\/25\/2025\/04\/heribert_warzecha_small-2-768x1024.jpg"},"thumbnail":{"file":"heribert_warzecha_small-2-150x150.jpg","width":150,"height":150,"filesize":4430,"mime_type":"image\/jpeg","source_url":"https:\/\/konferencje.umw.edu.pl\/psewroclaw2025\/wp-content\/uploads\/sites\/25\/2025\/04\/heribert_warzecha_small-2-150x150.jpg"},"medium_large":{"file":"heribert_warzecha_small-2-768x1024.jpg","width":768,"height":1024,"filesize":54548,"mime_type":"image\/jpeg","source_url":"https:\/\/konferencje.umw.edu.pl\/psewroclaw2025\/wp-content\/uploads\/sites\/25\/2025\/04\/heribert_warzecha_small-2-768x1024.jpg"},"1536x1536":{"file":"heribert_warzecha_small-2-1152x1536.jpg","width":1152,"height":1536,"filesize":108184,"mime_type":"image\/jpeg","source_url":"https:\/\/konferencje.umw.edu.pl\/psewroclaw2025\/wp-content\/uploads\/sites\/25\/2025\/04\/heribert_warzecha_small-2-1152x1536.jpg"},"2048x2048":{"file":"heribert_warzecha_small-2-1536x2048.jpg","width":1536,"height":2048,"filesize":180481,"mime_type":"image\/jpeg","source_url":"https:\/\/konferencje.umw.edu.pl\/psewroclaw2025\/wp-content\/uploads\/sites\/25\/2025\/04\/heribert_warzecha_small-2-1536x2048.jpg"},"shapely-full":{"file":"heribert_warzecha_small-2-1110x530.jpg","width":1110,"height":530,"filesize":49434,"mime_type":"image\/jpeg","source_url":"https:\/\/konferencje.umw.edu.pl\/psewroclaw2025\/wp-content\/uploads\/sites\/25\/2025\/04\/heribert_warzecha_small-2-1110x530.jpg"},"shapely-featured":{"file":"heribert_warzecha_small-2-730x350.jpg","width":730,"height":350,"filesize":24027,"mime_type":"image\/jpeg","source_url":"https:\/\/konferencje.umw.edu.pl\/psewroclaw2025\/wp-content\/uploads\/sites\/25\/2025\/04\/heribert_warzecha_small-2-730x350.jpg"},"shapely-grid":{"file":"heribert_warzecha_small-2-350x300.jpg","width":350,"height":300,"filesize":12747,"mime_type":"image\/jpeg","source_url":"https:\/\/konferencje.umw.edu.pl\/psewroclaw2025\/wp-content\/uploads\/sites\/25\/2025\/04\/heribert_warzecha_small-2-350x300.jpg"},"form-edit-image-preview":{"file":"heribert_warzecha_small-2-87x116.jpg","width":87,"height":116,"filesize":2690,"mime_type":"image\/jpeg","source_url":"https:\/\/konferencje.umw.edu.pl\/psewroclaw2025\/wp-content\/uploads\/sites\/25\/2025\/04\/heribert_warzecha_small-2-87x116.jpg"},"full":{"file":"heribert_warzecha_small-2-scaled.jpg","width":1920,"height":2560,"mime_type":"image\/jpeg","source_url":"https:\/\/konferencje.umw.edu.pl\/psewroclaw2025\/wp-content\/uploads\/sites\/25\/2025\/04\/heribert_warzecha_small-2-scaled.jpg"}},"image_meta":{"aperture":"2.5","credit":"TU Darmstadt\/Katrin Binner","camera":"GFX50S II","caption":"Portr\u00e4tfoto von Professor Dr. Heribert Warzecha, Vizepr\u00e4sident der TU Darmstadt f\u00fcr f\u00fcr Studium und Lehre sowie Diversit\u00e4t, das im Rahmen des Pr\u00e4sidium-Shootings f\u00fcr den Jahresbericht 2023 der TU Darmstadt fotografiert wurde.","created_timestamp":"1711123054","copyright":"www.katrinbinner.de","focal_length":"110","iso":"250","shutter_speed":"0.008","title":"Dr. Maike Saul, Tu darmstadt","orientation":"1","keywords":[]},"original_image":"heribert_warzecha_small-2.jpg"},"post":1657,"source_url":"https:\/\/konferencje.umw.edu.pl\/psewroclaw2025\/wp-content\/uploads\/sites\/25\/2025\/04\/heribert_warzecha_small-2-scaled.jpg","_links":{"self":[{"href":"https:\/\/konferencje.umw.edu.pl\/psewroclaw2025\/wp-json\/wp\/v2\/media\/1692","targetHints":{"allow":["GET"]}}],"collection":[{"href":"https:\/\/konferencje.umw.edu.pl\/psewroclaw2025\/wp-json\/wp\/v2\/media"}],"about":[{"href":"https:\/\/konferencje.umw.edu.pl\/psewroclaw2025\/wp-json\/wp\/v2\/types\/attachment"}],"author":[{"embeddable":true,"href":"https:\/\/konferencje.umw.edu.pl\/psewroclaw2025\/wp-json\/wp\/v2\/users\/25"}]}}

Porträtfoto von Professor Dr. Heribert Warzecha, Vizepräsident der TU Darmstadt für für Studium und Lehre sowie Diversität, das im Rahmen des Präsidium-Shootings für den Jahresbericht 2023 der TU Darmstadt fotografiert wurde.
