{"id":992,"date":"2024-09-16T01:09:35","date_gmt":"2024-09-15T23:09:35","guid":{"rendered":"https:\/\/konferencje.umw.edu.pl\/psewroclaw2025\/?page_id=992"},"modified":"2025-05-30T15:12:05","modified_gmt":"2025-05-30T13:12:05","slug":"organizing-committee-local","status":"publish","type":"page","link":"https:\/\/konferencje.umw.edu.pl\/psewroclaw2025\/committees\/organizing-committee-local\/","title":{"rendered":"Organizing Committee (local)"},"content":{"rendered":"<p><span style=\"color: #000000\"><strong>Chair of the conference<\/strong><\/span><\/p>\n<p><span style=\"color: #000000\">Adam Matkowski (Wroclaw Medical University, Poland)<\/span><\/p>\n<p><span style=\"color: #000000\"><strong>Vice-chair of the conference<\/strong><\/span><\/p>\n<p><span style=\"color: #000000\">Sylwia Zieli\u0144ska (Wroclaw Medical University, Poland)<\/span><\/p>\n<p><span style=\"color: #000000\"><strong>Organizing Committee<\/strong><\/span><\/p>\n<p><span style=\"color: #000000\">Sylwester \u015alusarczyk \u2013 <strong>Chairperson<\/strong><\/span><\/p>\n<p><span style=\"color: #000000\">Weronika Koz\u0142owska \u2013 <strong>Symposium secretary<\/strong><\/span><\/p>\n<p><span style=\"color: #000000\"><strong>Committee members<\/strong><\/span><br \/>\n<span style=\"color: #000000\">Renata Abel<\/span><br \/>\n<span style=\"color: #000000\">Monika Bielecka<\/span><br \/>\n<span style=\"color: #000000\">Malwina Bro\u017cyna<\/span><br \/>\n<span style=\"color: #000000\">Bart\u0142omiej Dudek<\/span><br \/>\n<span style=\"color: #000000\">Micha\u0142 Dziwak<\/span><br \/>\n<span style=\"color: #000000\">Magdalena Fast<\/span><br \/>\n<span style=\"color: #000000\">Magdalena Grajzer<\/span><br \/>\n<span style=\"color: #000000\">Kajetan Grzelka<\/span><br \/>\n<span style=\"color: #000000\">Adam \u0141ukaszewski<\/span><br \/>\n<span style=\"color: #000000\">Maria Malicka<\/span><br \/>\n<span style=\"color: #000000\">Beata Stankiewicz<\/span><br \/>\n<span style=\"color: #000000\">Marcin Surma<\/span><br \/>\n<span style=\"color: #000000\">Izabela Nawrot-Hadzik<\/span><br \/>\n<span style=\"color: #000000\">Bartosz Pencakowski<\/span><br \/>\n<span style=\"color: #000000\">Anna Prescha<\/span><br \/>\n<span style=\"color: #000000\">Danuta Raj<\/span><br \/>\n<span style=\"color: #000000\">Marta Stafiniak<\/span><br \/>\n<span style=\"color: #000000\">Iwan Zalewski<\/span><br \/>\n<span style=\"color: #000000\">Student Scientific Association #76 at the Dept. Pharmaceutical Biology and Biotechnology<\/span><br \/>\n<span style=\"color: #000000\">Student Scientific Association &#8220;Biomolecule\u201d, Group #209 at the Dept. of Basic Chemical Sciences<\/span><\/p>\n<h4><\/h4>\n<h4><\/h4>\n","protected":false},"excerpt":{"rendered":"<p>Chair of the conference Adam Matkowski (Wroclaw Medical University, Poland) Vice-chair of the conference Sylwia Zieli\u0144ska (Wroclaw Medical University, Poland) Organizing Committee Sylwester \u015alusarczyk \u2013 Chairperson Weronika Koz\u0142owska \u2013 Symposium secretary Committee members Renata Abel Monika Bielecka Malwina Bro\u017cyna Bart\u0142omiej Dudek Micha\u0142 Dziwak Magdalena Fast Magdalena Grajzer Kajetan Grzelka Adam \u0141ukaszewski Maria Malicka Beata Stankiewicz<\/p>\n<div><a class=\"btn-filled btn\" href=\"https:\/\/konferencje.umw.edu.pl\/psewroclaw2025\/committees\/organizing-committee-local\/\" title=\"Organizing Committee (local)\">Read More<\/a><\/div>\n","protected":false},"author":26,"featured_media":0,"parent":164,"menu_order":1,"comment_status":"closed","ping_status":"closed","template":"page-templates\/no-sidebar.php","meta":{"footnotes":""},"class_list":["post-992","page","type-page","status-publish","hentry"],"_links":{"self":[{"href":"https:\/\/konferencje.umw.edu.pl\/psewroclaw2025\/wp-json\/wp\/v2\/pages\/992","targetHints":{"allow":["GET"]}}],"collection":[{"href":"https:\/\/konferencje.umw.edu.pl\/psewroclaw2025\/wp-json\/wp\/v2\/pages"}],"about":[{"href":"https:\/\/konferencje.umw.edu.pl\/psewroclaw2025\/wp-json\/wp\/v2\/types\/page"}],"author":[{"embeddable":true,"href":"https:\/\/konferencje.umw.edu.pl\/psewroclaw2025\/wp-json\/wp\/v2\/users\/26"}],"replies":[{"embeddable":true,"href":"https:\/\/konferencje.umw.edu.pl\/psewroclaw2025\/wp-json\/wp\/v2\/comments?post=992"}],"version-history":[{"count":21,"href":"https:\/\/konferencje.umw.edu.pl\/psewroclaw2025\/wp-json\/wp\/v2\/pages\/992\/revisions"}],"predecessor-version":[{"id":1863,"href":"https:\/\/konferencje.umw.edu.pl\/psewroclaw2025\/wp-json\/wp\/v2\/pages\/992\/revisions\/1863"}],"up":[{"embeddable":true,"href":"https:\/\/konferencje.umw.edu.pl\/psewroclaw2025\/wp-json\/wp\/v2\/pages\/164"}],"wp:attachment":[{"href":"https:\/\/konferencje.umw.edu.pl\/psewroclaw2025\/wp-json\/wp\/v2\/media?parent=992"}],"curies":[{"name":"wp","href":"https:\/\/api.w.org\/{rel}","templated":true}]}}