{"id":5,"date":"2017-09-06T08:23:52","date_gmt":"2017-09-06T06:23:52","guid":{"rendered":"http:\/\/www.konferencje.umed.wroc.pl\/wroclawskiespotkanieml\/?page_id=5"},"modified":"2021-03-23T08:57:54","modified_gmt":"2021-03-23T07:57:54","slug":"program","status":"publish","type":"page","link":"https:\/\/konferencje.umw.edu.pl\/wroclawskiespotkanieml\/program\/","title":{"rendered":"Program"},"content":{"rendered":"\n<p><strong>Szanowni Pa\u0144stwo informujemy, \u017ce konferencja II Wroc\u0142awskie Spotkanie Medycyny Laboratoryjnej zostaje przeniesiona na 26 marca 2021 r. <\/strong><\/p>\n\n\n\n<p><strong>W zwi\u0105zku ze zmian\u0105 terminu prosimy na bie\u017c\u0105co \u015bledzi\u0107 zmiany w programie.<\/strong><\/p>\n\n\n\n<p><\/p>\n\n\n\n<p>Ramowy plan konferencji w dniu 26 marca 2021 r. do pobrania r\u00f3wnie\u017c w pliku <a href=\"http:\/\/www.konferencje.umed.wroc.pl\/wroclawskiespotkanieml\/wp-content\/uploads\/2021\/03\/17.03.21-RAMOWY-PLAN-KONFERENCJI-26.03.2021.pdf\"><img loading=\"lazy\" width=\"32\" height=\"32\" class=\"wp-image-227\" style=\"width: 32px;\" src=\"http:\/\/www.konferencje.umed.wroc.pl\/wroclawskiespotkanieml\/wp-content\/uploads\/2017\/09\/pdf2.png\" alt=\"\"><\/a><\/p>\n\n\n\n<p>9.00\u20139.10&nbsp;&nbsp;&nbsp;&nbsp;&nbsp;&nbsp;Rozpocz\u0119cie Konferencji<\/p>\n\n\n\n<p>9.10\u20139.40&nbsp;&nbsp;&nbsp;&nbsp;&nbsp; Wyk\u0142ad inauguracyjny pt. &#8220;Diagnosta Laboratoryjny we wsp\u00f3\u0142czesnym systemie opieki zdrowotnej okiem Prezes Krajowej Rady Diagnost\u00f3w Laboratoryjnych&#8221; \u2013 <strong>mgr Alina Niewiadomska<\/strong>, Prezes Krajowej Rady Diagnost\u00f3w Laboratoryjnych<\/p>\n\n\n\n<p class=\"has-text-align-center\"><strong>SESJA I<\/strong><\/p>\n\n\n\n<p class=\"has-text-align-center\"><strong>Post\u0119py diagnostyczne w dziedzinie immunologii i alergologii<\/strong><\/p>\n\n\n\n<p><strong>9.45\u201310.20<\/strong>&nbsp;&nbsp;&nbsp;&nbsp; &#8220;Diagnostyka komponentowa w alergologii&#8221;, <strong>dr hab. n. med. Maciej Kupczyk, prof. uczelni<\/strong>,  <em>Klinika Chor\u00f3b Wewn\u0119trznych, Astmy i Alergii, Uniwersytet Medyczny w \u0141odzi<\/em><\/p>\n\n\n\n<p><strong>10.20\u201311.00 &nbsp;&nbsp;&nbsp; <\/strong> &#8220;Nowoczesna diagnostyka w chorobach gastrologicznych, celiakii i hipolaktazji&#8221;, <strong>prof. dr hab. n. med. Gra\u017cyna Czaja-Bulsa<\/strong>, <em>Klinika Pediatrii, Gastrologii i Reumatologii<\/em> <em>Dzieci\u0119cej, Pomorski Uniwersytet Medyczny w&nbsp;Szczecinie<\/em> <\/p>\n\n\n\n<p><strong>11.00\u201311.40 &nbsp;&nbsp;&nbsp; <\/strong> &#8220;Diagnostyka molekularna &#8211; przydatno\u015b\u0107 w diagnostyce i leczeniu chor\u00f3b alergicznych&#8221;, <strong>dr hab. Marita Nittner-Marszalska prof. uczelni<\/strong>, <em>Katedra i Klinika Chor\u00f3b Wewn\u0119trznych, Pneumonologii i Alergologii, Uniwersytet Medyczny im. Piast\u00f3w \u015al\u0105skich we Wroc\u0142awiu<\/em> <\/p>\n\n\n\n<p><br>11.40\u201312.00&nbsp;&nbsp;&nbsp;&nbsp; Wyk\u0142ady firm i sponsor\u00f3w<\/p>\n\n\n\n<p class=\"has-text-align-center\"><br><strong>SESJA II<\/strong><\/p>\n\n\n\n<p class=\"has-text-align-center\"><strong>Medycyna podr\u00f3\u017cy<\/strong><\/p>\n\n\n\n<p><strong>12.00\u201312.35&nbsp;&nbsp;&nbsp; <\/strong>  &#8220;Dziecko w podr\u00f3\u017cy &#8220;do ciep\u0142ych kraj\u00f3w&#8221;&#8221;, <strong>prof. dr hab. Leszek Szenborn, <\/strong> <em>Katedra i Klinika Pediatrii i Chor\u00f3b Infekcyjnych, Uniwersytet Medyczny im. Piast\u00f3w \u015al\u0105skich we Wroc\u0142awiu<\/em>  <\/p>\n\n\n\n<p><\/p>\n\n\n\n<p><strong>12.35\u201313.10 &nbsp;&nbsp;&nbsp;<\/strong> &#8220;Mo\u017cliwo\u015bci i ograniczenia bada\u0144 diagnostycznych w kierunku zaka\u017ce\u0144\/zara\u017ce\u0144 &#8211; nowe wyzwania&#8221;, <strong> dr Agnieszka Pawe\u0142czyk<\/strong>, <em>Zak\u0142ad Immunopatologii Chor\u00f3b Zaka\u017anych i Paso\u017cytniczych, Warszawski Uniwersytet Medyczny<\/em>   <\/p>\n\n\n\n<p><strong>13.10\u201313.50 &nbsp;&nbsp;&nbsp; <\/strong> &#8220;Diagnostyka mikroskopowa, serologiczna i molekularna wybranych chor\u00f3b paso\u017cytniczych&#8221;, <strong> dr hab. Beata Szostakowska<\/strong>, <em>Zak\u0142ad Parazytologii Tropikalnej, Katedra Medycyny Tropikalnej i Parazytologii, Krajowy&nbsp;O\u015brodek Medycyny Tropikalnej, Gda\u0144ski Uniwersytet Medyczny<\/em>  <\/p>\n\n\n\n<p><br>13.50\u201314.45&nbsp;&nbsp;&nbsp;&nbsp; Wyk\u0142ady firm i sponsor\u00f3w<\/p>\n\n\n\n<p class=\"has-text-align-center\"><br><strong>SESJA III<\/strong><\/p>\n\n\n\n<p class=\"has-text-align-center\"><strong>Praktyczne aspekty medycyny transplantacyjnej<\/strong><\/p>\n\n\n\n<p><strong>14.45\u201315.20\u00a0\u00a0\u00a0\u00a0 <\/strong> &#8220;Diagnostyka uk\u0142adu HLA w doborze allogenicznego dawcy krwiotw\u00f3rczych kom\u00f3rek macierzystych&#8221;, <strong>prof.<\/strong> <strong>dr hab. n. med. Jacek Nowak<\/strong>,  <em>Zak\u0142ad Immunogenetyki, Instytut Hematologii i Transfuzjologii, Warszawa<\/em> <\/p>\n\n\n\n<p><strong>15.20\u201315.55 \u00a0\u00a0\u00a0 <\/strong> &#8220;Jak \u017cy\u0107, \u017ceby do\u017cy\u0107 100 lat&#8221;, <strong>dr n. med. Maciej<\/strong> <strong>Szymczak<\/strong>, <em>Katedra i Klinika Nefrologii i Medycyny Transplantacyjnej, Uniwersytet Medyczny im. Piast\u00f3w \u015al\u0105skich we Wroc\u0142awiu<\/em> <\/p>\n\n\n\n<p><strong>15.55\u201316.35 &nbsp;&nbsp;&nbsp; <\/strong> &#8220;Badania&nbsp;laboratoryjne u chorych leczonych przeciwcia\u0142ami monoklonalnymi \u2013 wyzwanie dla diagnosty&#8221;, <strong>prof. dr hab. Piotr Radziwon<\/strong>,  <em>Klinika Hematologii, Uniwersytet Medyczny w Bia\u0142ymstoku<\/em> <\/p>\n\n\n\n<p><br><strong>16.35\u201316.45&nbsp;&nbsp;&nbsp;&nbsp; Rozstrzygni\u0119cie konkursu sesji plakatowej. Zako\u0144czenie konferencji<\/strong><\/p>\n","protected":false},"excerpt":{"rendered":"<p>Szanowni Pa\u0144stwo informujemy, \u017ce konferencja II Wroc\u0142awskie Spotkanie Medycyny Laboratoryjnej zostaje przeniesiona na 26 marca 2021 r. W zwi\u0105zku ze zmian\u0105 terminu prosimy na bie\u017c\u0105co \u015bledzi\u0107 zmiany w programie. Ramowy plan konferencji<\/p>\n<a class=\"moretag noptoppad\" href=\"https:\/\/konferencje.umw.edu.pl\/wroclawskiespotkanieml\/program\/\">Read More...<\/a>","protected":false},"author":1,"featured_media":0,"parent":0,"menu_order":0,"comment_status":"closed","ping_status":"closed","template":"","meta":[],"_links":{"self":[{"href":"https:\/\/konferencje.umw.edu.pl\/wroclawskiespotkanieml\/wp-json\/wp\/v2\/pages\/5"}],"collection":[{"href":"https:\/\/konferencje.umw.edu.pl\/wroclawskiespotkanieml\/wp-json\/wp\/v2\/pages"}],"about":[{"href":"https:\/\/konferencje.umw.edu.pl\/wroclawskiespotkanieml\/wp-json\/wp\/v2\/types\/page"}],"author":[{"embeddable":true,"href":"https:\/\/konferencje.umw.edu.pl\/wroclawskiespotkanieml\/wp-json\/wp\/v2\/users\/1"}],"replies":[{"embeddable":true,"href":"https:\/\/konferencje.umw.edu.pl\/wroclawskiespotkanieml\/wp-json\/wp\/v2\/comments?post=5"}],"version-history":[{"count":90,"href":"https:\/\/konferencje.umw.edu.pl\/wroclawskiespotkanieml\/wp-json\/wp\/v2\/pages\/5\/revisions"}],"predecessor-version":[{"id":1821,"href":"https:\/\/konferencje.umw.edu.pl\/wroclawskiespotkanieml\/wp-json\/wp\/v2\/pages\/5\/revisions\/1821"}],"wp:attachment":[{"href":"https:\/\/konferencje.umw.edu.pl\/wroclawskiespotkanieml\/wp-json\/wp\/v2\/media?parent=5"}],"curies":[{"name":"wp","href":"https:\/\/api.w.org\/{rel}","templated":true}]}}