{"id":1270,"date":"2025-05-06T11:08:36","date_gmt":"2025-05-06T09:08:36","guid":{"rendered":"https:\/\/konferencje.umw.edu.pl\/zielonauczelnia\/?page_id=1270"},"modified":"2025-05-06T13:22:58","modified_gmt":"2025-05-06T11:22:58","slug":"szanowni-panstwo-zgodnie-z-przyjetymi-zasadami-termin-przesylania-zgloszen-uplynal-29-kwietnia-dziekujemy-za-chec-uczestnictwa-i-zapraszamy-do-czynnego-udzialu-w-konferencji-w-przyszlym-roku","status":"publish","type":"page","link":"https:\/\/konferencje.umw.edu.pl\/zielonauczelnia\/szanowni-panstwo-zgodnie-z-przyjetymi-zasadami-termin-przesylania-zgloszen-uplynal-29-kwietnia-dziekujemy-za-chec-uczestnictwa-i-zapraszamy-do-czynnego-udzialu-w-konferencji-w-przyszlym-roku\/","title":{"rendered":"Szanowni Pa\u0144stwo,  zgodnie z przyj\u0119tymi zasadami termin przesy\u0142ania zg\u0142osze\u0144 up\u0142yn\u0105\u0142 6 maja.  Dzi\u0119kujemy za ch\u0119\u0107 uczestnictwa i zapraszamy do czynnego udzia\u0142u w Konferencji w przysz\u0142ym roku."},"content":{"rendered":"","protected":false},"excerpt":{"rendered":"","protected":false},"author":1,"featured_media":0,"parent":0,"menu_order":0,"comment_status":"closed","ping_status":"closed","template":"","meta":{"footnotes":""},"class_list":["post-1270","page","type-page","status-publish","hentry"],"_links":{"self":[{"href":"https:\/\/konferencje.umw.edu.pl\/zielonauczelnia\/wp-json\/wp\/v2\/pages\/1270","targetHints":{"allow":["GET"]}}],"collection":[{"href":"https:\/\/konferencje.umw.edu.pl\/zielonauczelnia\/wp-json\/wp\/v2\/pages"}],"about":[{"href":"https:\/\/konferencje.umw.edu.pl\/zielonauczelnia\/wp-json\/wp\/v2\/types\/page"}],"author":[{"embeddable":true,"href":"https:\/\/konferencje.umw.edu.pl\/zielonauczelnia\/wp-json\/wp\/v2\/users\/1"}],"replies":[{"embeddable":true,"href":"https:\/\/konferencje.umw.edu.pl\/zielonauczelnia\/wp-json\/wp\/v2\/comments?post=1270"}],"version-history":[{"count":2,"href":"https:\/\/konferencje.umw.edu.pl\/zielonauczelnia\/wp-json\/wp\/v2\/pages\/1270\/revisions"}],"predecessor-version":[{"id":1277,"href":"https:\/\/konferencje.umw.edu.pl\/zielonauczelnia\/wp-json\/wp\/v2\/pages\/1270\/revisions\/1277"}],"wp:attachment":[{"href":"https:\/\/konferencje.umw.edu.pl\/zielonauczelnia\/wp-json\/wp\/v2\/media?parent=1270"}],"curies":[{"name":"wp","href":"https:\/\/api.w.org\/{rel}","templated":true}]}}